MONTHLY CLIMATOLOGICAL SUMMARY for SEP. 2017

NAME:    CITY:  STATE: 
ELEV:  LAT:  LONG: 

                            TEMPERATURE ( C), RAIN (mm), WIND SPEED (kmh)

                                               HEAT     COOL           AVG
      MEAN                                     DEG      DEG            WIND                       DOM
DAY   TEMP    HIGH   TIME     LOW    TIME      DAYS     DAYS    RAIN   SPEED    HIGH    TIME      DIR
--------------------------------------------------------------------------------------------------------
01    21.4    25.9   13:34    18.0   02:34     00.0     03.1    00.0   05.2     35.1    14:50      S 
02    21.5    27.6   13:07    16.6   06:13     00.0     03.2    04.2   05.5     42.5    13:28      S 
03    21.7    27.3   12:57    17.5   06:04     00.0     03.4    00.0   05.1     29.6    15:17      SE
04    22.4    27.3   12:53    18.7   05:41     00.0     04.1    00.8   04.4     29.6    12:57     SSE
05    24.8    31.8   14:22    18.7   05:22     00.0     06.5    00.0   04.1     29.6    13:14      SW
06    23.5    26.9   12:42    20.9   06:40     00.0     05.2    00.2   04.4     29.6    14:08     SSE
07    22.1    26.4   14:17    18.3   06:10     00.0     03.8    00.0   05.6     29.6    13:24      S 
08    20.5    24.1   14:38    17.1   02:53     00.0     02.2    00.0   05.5     35.1    14:19      SE
09    18.7    25.2   10:56    14.9   20:09     00.0     00.4    04.8   02.9     24.1    11:42     NNE
10    18.9    26.8   15:25    13.6   05:23     00.0     00.6    00.0   03.7     29.6    14:48     WNW
11    20.7    27.8   11:57    15.2   06:24     00.0     02.4    00.0   04.5     29.6    12:24      SE
12    20.8    24.3   13:56    18.5   23:53     00.0     02.5    00.0   06.0     35.1    12:17      S 
13    22.6    29.4   13:41    17.5   05:14     00.0     04.3    00.0   05.2     27.8    14:26     WSW
14    21.3    28.9   12:14    14.8   00:00     00.0     03.0    19.8   04.1     37.0    14:10     SSE
15    13.7    14.9   00:02    12.3   23:59     04.6     00.0    07.8   03.2     18.5    05:36      N 
16    15.7    21.8   15:07    10.3   06:06     02.6     00.0    00.0   03.7     24.1    14:15     WNW
17    17.5    24.4   13:37    11.1   03:18     00.8     00.0    00.0   04.4     29.6    15:34      W 
18    17.5    20.7   14:49    16.0   10:06     00.8     00.0    02.2   04.4     20.4    16:00     ENE
19    18.3    23.7   12:29    14.8   06:29     00.0     00.0    00.0   05.0     33.3    12:56     SSE
20    18.0    23.2   14:57    13.3   06:35     00.3     00.0    00.0   04.3     25.9    13:48      SE
21    19.9    26.3   14:46    14.8   06:21     00.0     01.6    00.0   03.3     22.2    16:54      S 
22    19.1    24.3   11:27    16.8   06:01     00.0     00.8    02.2   03.0     20.4    13:28     NNW
23    20.3    25.7   14:01    16.0   06:19     00.0     02.0    00.0   03.3     27.8    13:13     SSW
24    22.0    28.3   13:26    17.6   05:49     00.0     03.7    00.0   03.1     24.1    14:43     SSW
25    20.2    25.7   12:55    16.8   22:26     00.0     01.9    02.2   03.9     25.9    18:18      S 
26    19.7    25.0   14:19    15.1   06:13     00.0     01.4    00.0   03.6     25.9    14:42      S 
27    20.1    25.2   15:20    16.2   06:33     00.0     01.8    00.0   03.7     25.9    13:22      S 
28    20.3    25.4   12:41    16.6   06:46     00.0     02.0    00.0   03.6     22.2    14:34      S 
29    20.5    26.2   14:46    16.2   06:18     00.0     02.2    00.0   04.0     24.1    12:50      S 
30    19.7    24.8   13:09    16.7   06:29     00.0     01.4    01.0   02.9     20.4    14:57     NNW
--------------------------------------------------------------------------------------------------------
20.1 (20.8)   31.8  day 05     10.3  day 16   009.1    063.4   045.2   04.2     42.6   day 19      S 
Max >=  30: 1
Max <=   25: 11
Min <=   20: 29
Min <= 15: 9
Max Rain: 19.8 ON 14-09-17
Days of Rain: 10 (> .2mm) 7 (> 2mm) 0 (> 20mm)