MONTHLY CLIMATOLOGICAL SUMMARY for NOV. 2017

NAME:    CITY:  STATE: 
ELEV:  LAT:  LONG: 

                            TEMPERATURE ( C), RAIN (mm), WIND SPEED (kmh)

                                               HEAT     COOL           AVG
      MEAN                                     DEG      DEG            WIND                       DOM
DAY   TEMP    HIGH   TIME     LOW    TIME      DAYS     DAYS    RAIN   SPEED    HIGH    TIME      DIR
--------------------------------------------------------------------------------------------------------
01    15.0    20.4   14:54    10.1   06:56     03.3     00.0    00.0   02.4     18.5    16:13      SW
02    17.1    21.4   13:06    13.9   06:47     01.2     00.0    00.0   02.5     20.4    11:53     WSW
03    16.7    22.0   14:31    13.2   07:03     01.6     00.0    00.0   01.8     16.6    14:28     WSW
04    16.7    22.4   13:55    14.1   22:09     01.6     00.0    08.2   02.9     25.9    18:00      W 
05    15.2    19.9   14:41    11.2   23:47     03.1     00.0    00.0   04.2     25.9    09:18      NW
06    11.8    16.4   14:18    08.2   05:11     06.5     00.0    00.0   05.5     31.4    13:24      NW
07    09.8    15.2   14:07    05.9   04:59     08.5     00.0    00.0   03.8     22.2    12:59      NW
08    09.5    13.7   12:36    05.6   05:40     08.8     00.0    00.0   01.9     12.9    21:09     NNW
09    09.3    15.1   14:26    06.1   07:16     09.0     00.0    00.0   04.3     22.2    05:48      N 
10    10.0    15.8   13:26    04.6   07:13     08.3     00.0    00.0   02.2     18.5    12:06     WNW
11    11.4    17.4   15:27    07.0   04:52     06.9     00.0    00.0   01.2     18.5    15:55     NNW
12    13.2    18.3   16:04    10.1   06:38     05.1     00.0    00.0   04.5     25.9    23:37      N 
13    11.5    15.7   13:41    07.3   06:14     06.8     00.0    00.0   05.7     37.0    12:32     NNW
14    09.4    15.8   14:53    04.6   05:47     08.9     00.0    00.0   02.3     14.8    19:01     NNE
15    09.4    16.8   15:02    03.8   01:52     08.9     00.0    00.0   02.7     27.8    04:39     NNW
16    10.0    16.9   14:26    05.1   07:37     08.3     00.0    00.0   02.0     14.8    15:49     WNW
17    11.7    21.2   14:31    04.4   07:18     06.6     00.0    00.0   01.7     11.1    23:53     WNW
18    11.8    18.7   14:59    07.1   07:29     06.5     00.0    00.0   01.7     11.1    19:33     WNW
19    11.8    18.1   14:59    08.3   01:28     06.5     00.0    00.0   02.5     18.5    08:30     NNW
20    11.2    18.6   15:09    05.4   06:49     07.1     00.0    00.0   01.4     11.1    15:38     NNW
21    11.8    20.7   15:24    06.2   07:11     06.5     00.0    00.0   01.2     07.4    22:38     ENE
22    11.8    18.8   14:34    05.5   05:56     06.5     00.0    00.0   02.0     18.5    12:52     WSW
23    12.7    19.6   14:12    07.2   04:31     05.6     00.0    00.0   01.9     18.5    12:28     WSW
24    15.2    22.2   13:11    09.8   04:50     03.1     00.0    00.0   02.3     18.5    15:05      W 
25    14.5    17.3   15:03    09.3   23:51     03.8     00.0    00.4   03.1     18.5    09:01     WSW
26    09.7    14.9   14:39    06.3   23:45     08.6     00.0    00.0   03.8     20.4    05:05      NW
27    08.5    13.6   14:22    04.1   07:19     09.8     00.0    00.0   01.9     16.6    12:36     WSW
28    08.9    14.7   14:34    05.3   07:15     09.4     00.0    00.0   02.7     20.4    14:24      W 
29    07.4    11.8   13:27    04.2   07:42     10.9     00.0    00.0   01.9     16.6    23:49      N 
30    07.3    13.2   14:29    03.4   07:52     11.0     00.0    00.0   03.0     18.5    16:57      NW
--------------------------------------------------------------------------------------------------------
11.7 (12.4)   22.4  day 04     03.4  day 30   198.6    000.0   008.6   02.7     37.0   day 13     WNW
Max <=   25: 30
Min <=   20: 30
Min <= 15: 30
Max Rain: 8.2 ON 4-11-17
Days of Rain: 2 (> .2mm) 1 (> 2mm) 0 (> 20mm)