MONTHLY CLIMATOLOGICAL SUMMARY for MAY. 2017

NAME:    CITY:  STATE: 
ELEV:  LAT:  LONG: 

                            TEMPERATURE ( C), RAIN (mm), WIND SPEED (kmh)

                                               HEAT     COOL           AVG
      MEAN                                     DEG      DEG            WIND                       DOM
DAY   TEMP    HIGH   TIME     LOW    TIME      DAYS     DAYS    RAIN   SPEED    HIGH    TIME      DIR
--------------------------------------------------------------------------------------------------------
01    13.2    19.1   15:48    08.4   05:55     05.1     00.0    00.0   05.5     29.6    16:00     SSE
02    15.0    21.3   13:49    09.6   01:51     03.3     00.0    00.0   04.5     31.4    15:31     WSW
03    13.8    15.6   11:21    12.1   05:17     04.5     00.0    01.8   02.4     14.8    14:00      NE
04    16.1    22.7   14:19    10.8   05:38     02.2     00.0    00.0   04.8     25.9    12:23      S 
05    17.0    22.2   15:58    12.5   05:50     01.3     00.0    00.2   05.4     37.0    14:10      SE
06    18.8    26.3   14:44    14.2   00:00     00.0     00.5    00.0   06.8     37.0    11:21     WNW
07    16.5    22.9   12:17    12.2   05:14     01.8     00.0    00.0   05.5     31.4    13:57     SSE
08    16.8    21.8   13:09    11.6   04:58     01.5     00.0    00.0   04.9     29.6    15:00     SSE
09    16.7    21.9   13:40    12.1   04:32     01.6     00.0    00.0   05.3     29.6    14:43     SSE
10    17.5    21.9   12:46    13.6   04:43     00.8     00.0    00.0   05.6     25.9    17:07     SSE
11    16.8    22.3   12:52    14.2   09:20     01.5     00.0    11.2   04.1     29.6    13:04     WSW
12    19.7    25.4   15:38    14.3   04:52     00.0     01.4    00.0   06.1     35.1    15:26      W 
13    21.1    26.7   16:10    15.8   05:22     00.0     02.8    00.0   06.4     29.6    14:58      W 
14    20.4    24.9   15:07    15.9   05:16     00.0     02.1    00.0   05.2     27.8    12:34     SSE
15    20.8    25.8   13:53    15.4   01:56     00.0     02.5    00.0   05.6     29.6    12:24     SSE
16    21.6    27.1   11:17    16.6   04:05     00.0     03.3    00.0   04.9     29.6    11:47     SSE
17    21.4    27.3   14:46    16.2   05:09     00.0     03.1    00.0   05.3     29.6    13:19     SSE
18    18.7    24.8   13:19    13.7   00:00     00.0     00.4    00.2   05.4     29.6    14:20     SSW
19    16.6    23.2   14:08    11.5   04:58     01.7     00.0    00.2   05.7     33.3    14:43     WSW
20    17.4    22.7   14:12    12.9   05:51     00.9     00.0    00.0   06.7     31.4    12:11      SE
21    19.1    26.2   15:42    12.3   04:44     00.0     00.8    00.0   05.3     29.6    13:13     SSW
22    20.7    26.7   12:58    15.6   05:02     00.0     02.4    00.0   05.7     33.3    13:06      S 
23    22.1    28.2   11:04    15.6   03:32     00.0     03.8    00.0   05.7     33.3    12:34     SSE
24    24.7    31.6   15:32    17.9   04:55     00.0     06.4    00.0   05.1     31.4    12:48     SSW
25    25.6    33.1   15:20    19.3   05:07     00.0     07.3    00.0   04.9     31.4    13:52     SSE
26    21.3    25.8   10:00    17.3   00:00     00.0     03.0    00.0   05.3     27.8    13:20     SSE
27    21.2    26.6   13:23    17.1   04:38     00.0     02.9    00.0   06.2     25.9    15:07      SE
28    22.0    27.9   10:29    16.7   05:46     00.0     03.7    00.0   05.5     29.6    13:56     SSE
29    22.1    27.6   12:56    16.8   03:42     00.0     03.8    00.0   04.9     29.6    14:18     SSE
30    20.1    24.7   17:32    16.8   07:02     00.0     01.8    02.6   03.8     24.1    07:32      NE
31    21.5    27.1   12:02    16.2   03:29     00.0     03.2    00.0   05.3     29.6    14:05     SSE
--------------------------------------------------------------------------------------------------------
19.2 (19.6)   33.1  day 25     08.4  day 01   026.3    055.2   016.2   05.3     37.0   day 05      S 
Max >=  30: 2
Max <=   25: 15
Min <=   20: 31
Min <= 15: 16
Max Rain: 11.2 ON 11-05-17
Days of Rain: 6 (> .2mm) 2 (> 2mm) 0 (> 20mm)