MONTHLY CLIMATOLOGICAL SUMMARY for MAR. 2017

NAME:    CITY:  STATE: 
ELEV:  LAT:  LONG: 

                            TEMPERATURE ( C), RAIN (mm), WIND SPEED (kmh)

                                               HEAT     COOL           AVG
      MEAN                                     DEG      DEG            WIND                       DOM
DAY   TEMP    HIGH   TIME     LOW    TIME      DAYS     DAYS    RAIN   SPEED    HIGH    TIME      DIR
--------------------------------------------------------------------------------------------------------
01    11.6    17.8   16:13    06.7   06:12     06.7     00.0    00.0   05.2     22.2    16:27      W 
02    12.8    20.4   13:53    07.6   07:05     05.5     00.0    00.0   03.5     22.2    15:36     SSE
03    11.7    15.1   15:00    08.7   06:34     06.6     00.0    18.6   03.9     37.0    23:38     SSE
04    09.6    13.6   13:57    04.9   06:03     08.7     00.0    09.8   09.4     46.3    00:43      W 
05    11.1    17.0   15:57    05.6   05:46     07.2     00.0    00.0   05.0     33.3    15:24     WNW
06    16.0    22.9   15:39    10.3   03:44     02.3     00.0    00.0   08.4     44.4    19:18     WNW
07    12.8    18.6   12:24    08.7   00:00     05.5     00.0    00.0   05.9     27.8    12:50     SSW
08    14.2    22.1   14:33    08.7   00:02     04.1     00.0    00.0   02.5     16.6    17:10      S 
09    14.8    19.8   15:48    09.8   05:50     03.5     00.0    00.0   02.9     24.1    13:27     SSE
10    13.4    23.0   19:00    10.8   07:17     04.9     00.0    00.0   01.8     18.5    19:09     NNW
11    14.8    20.6   13:43    10.3   06:57     03.5     00.0    00.0   03.6     24.1    13:00      SE
12    13.8    17.2   12:13    10.7   07:07     04.5     00.0    00.0   02.7     16.6    13:30      SW
13    14.7    20.3   14:42    10.9   07:34     03.6     00.0    00.0   03.4     29.6    14:42      W 
14    14.2    22.4   13:17    08.3   06:04     04.1     00.0    00.0   04.1     29.6    14:46      S 
15    13.6    20.4   12:14    08.6   06:13     04.7     00.0    00.0   03.5     27.8    14:25     SSE
16    14.0    20.6   11:56    08.8   06:23     04.3     00.0    00.0   04.0     27.8    13:57     SSE
17    15.4    24.4   15:08    07.7   07:04     02.9     00.0    00.0   04.2     20.4    12:27     WSW
18    14.4    20.8   11:05    09.1   05:05     03.9     00.0    00.0   03.9     25.9    14:11     SSE
19    15.3    22.2   13:10    09.5   06:41     03.0     00.0    00.0   03.6     24.1    13:24      SE
20    15.0    21.2   11:19    10.7   05:59     03.3     00.0    00.0   04.4     37.0    12:39     SSE
21    13.4    17.2   14:44    09.4   06:16     04.9     00.0    00.0   04.7     25.9    14:10     SSE
22    14.0    18.9   14:40    09.9   06:44     04.3     00.0    00.0   05.3     29.6    15:33     WSW
23    12.5    16.4   15:16    08.7   00:00     05.8     00.0    00.0   04.6     24.1    17:22      W 
24    08.9    11.1   21:12    06.1   23:17     09.4     00.0    48.6   03.9     29.6    21:03      NW
25    08.7    15.4   14:53    03.6   05:36     09.6     00.0    37.6   05.1     29.6    13:57     WSW
26    12.0    18.8   13:28    06.3   04:53     06.3     00.0    00.0   02.9     24.1    15:20     SSE
27    11.5    16.7   15:56    08.3   06:02     06.8     00.0    00.6   03.6     25.9    13:49     NNE
28    12.4    19.2   13:56    05.8   05:52     05.9     00.0    00.0   03.9     24.1    15:19     SSE
29    15.4    22.3   15:33    09.1   03:33     02.9     00.0    00.0   03.5     25.9    14:52      S 
30    16.2    23.4   13:41    10.2   05:40     02.1     00.0    00.0   03.9     25.9    14:53      SW
31    14.5    20.6   14:50    09.9   06:30     03.8     00.0    01.4   03.5     29.6    17:17     SSW
--------------------------------------------------------------------------------------------------------
13.3 (13.9)   24.4  day 17     03.6  day 25   154.6    000.0   114.2   04.2     46.3   day 04      SW
Max <=   25: 31
Min <=   20: 31
Min <= 15: 31
Max Rain: 48.6 ON 24-03-17
Days of Rain: 6 (> .2mm) 4 (> 2mm) 2 (> 20mm)