MONTHLY CLIMATOLOGICAL SUMMARY for JUN. 2017

NAME:    CITY:  STATE: 
ELEV:  LAT:  LONG: 

                            TEMPERATURE ( C), RAIN (mm), WIND SPEED (kmh)

                                               HEAT     COOL           AVG
      MEAN                                     DEG      DEG            WIND                       DOM
DAY   TEMP    HIGH   TIME     LOW    TIME      DAYS     DAYS    RAIN   SPEED    HIGH    TIME      DIR
--------------------------------------------------------------------------------------------------------
01    21.7    26.3   14:31    17.3   05:17     00.0     03.4    00.0   06.1     29.6    13:45     SSE
02    22.6    27.4   10:33    17.6   03:56     00.0     04.3    00.0   06.0     29.6    16:10     SSE
03    23.5    28.4   15:38    19.7   23:14     00.0     05.2    00.4   04.1     25.9    20:14      W 
04    20.2    25.5   11:36    17.3   00:00     00.0     01.9    15.4   04.1     22.2    15:23      NW
05    20.1    26.2   16:02    16.0   06:01     00.0     01.8    05.8   04.7     25.9    14:02     WSW
06    21.3    28.5   11:42    17.2   05:04     00.0     03.0    00.0   06.6     35.1    12:05      S 
07    19.2    22.1   13:18    18.3   10:12     00.0     00.9    00.0   05.2     29.6    14:25     SSW
08    22.5    28.6   13:25    18.2   04:59     00.0     04.2    00.0   05.7     29.6    12:20      S 
09    22.1    27.4   11:21    17.7   04:46     00.0     03.8    00.4   06.0     31.4    13:50      S 
10    24.8    30.7   13:20    18.4   03:50     00.0     06.5    00.0   05.5     27.8    13:59     SSE
11    26.2    32.6   14:38    20.2   04:37     00.0     07.9    00.0   05.6     29.6    14:23     SSE
12    26.2    30.9   15:45    21.0   04:35     00.0     07.9    00.0   05.0     33.3    11:47     SSE
13    27.9    33.8   13:38    21.4   03:57     00.0     09.6    00.0   05.2     29.6    13:55     SSE
14    29.0    35.8   14:44    21.9   04:33     00.0     10.7    00.0   04.7     29.6    16:04     SSW
15    28.2    34.6   13:21    21.5   04:35     00.0     09.9    00.0   05.4     27.8    14:43     SSE
16    29.0    34.8   13:37    24.3   02:45     00.0     10.7    00.0   05.4     29.6    15:01     SSW
17    27.3    31.3   14:04    23.3   04:55     00.0     09.0    00.0   06.0     29.6    14:08     SSE
18    26.4    33.4   13:33    21.8   04:19     00.0     08.1    00.0   06.2     29.6    16:53     SSE
19    25.3    29.6   15:43    20.3   04:59     00.0     07.0    00.0   06.2     27.8    13:46     SSE
20    27.4    33.2   12:11    22.2   05:03     00.0     09.1    00.0   06.1     31.4    13:25      SW
21    27.2    33.7   13:14    22.7   04:41     00.0     08.9    00.0   04.9     27.8    14:01      SW
22    28.7    34.7   15:16    22.8   04:47     00.0     10.4    00.0   05.7     27.8    13:25     SSW
23    29.0    35.4   13:32    23.7   04:54     00.0     10.7    00.0   06.5     29.6    12:56      SW
24    27.1    32.4   14:15    22.1   04:37     00.0     08.8    00.0   05.0     29.6    12:18     SSW
25    24.6    29.1   14:28    22.6   03:25     00.0     06.3    00.6   04.9     22.2    16:18     SSE
26    26.6    33.3   15:33    21.2   05:45     00.0     08.3    00.0   06.8     29.6    14:27     SSE
27    25.0    28.6   12:16    21.1   05:00     00.0     06.7    00.0   06.3     29.6    12:45     SSE
28    23.9    30.2   14:54    17.9   00:00     00.0     05.6    01.0   07.3     46.3    17:32      W 
29    21.5    26.7   15:07    16.7   05:32     00.0     03.2    00.0   06.9     31.4    11:38      W 
30    21.2    26.9   15:11    16.2   03:53     00.0     02.9    00.0   05.9     33.3    12:30     WNW
--------------------------------------------------------------------------------------------------------
24.9 (25.2)   35.8  day 14     16.0  day 05   000.0    196.6   023.6   05.7     46.3   day 28      S 
Max >=  30: 16
Max <=   25: 1
Min <=   20: 13
Max Rain: 15.4 ON 4-06-17
Days of Rain: 6 (> .2mm) 2 (> 2mm) 0 (> 20mm)