MONTHLY CLIMATOLOGICAL SUMMARY for JUL. 2017

NAME:    CITY:  STATE: 
ELEV:  LAT:  LONG: 

                            TEMPERATURE ( C), RAIN (mm), WIND SPEED (kmh)

                                               HEAT     COOL           AVG
      MEAN                                     DEG      DEG            WIND                       DOM
DAY   TEMP    HIGH   TIME     LOW    TIME      DAYS     DAYS    RAIN   SPEED    HIGH    TIME      DIR
--------------------------------------------------------------------------------------------------------
01    19.9    24.8   11:18    16.1   05:44     00.0     01.6    00.0   06.0     35.1    12:25      S 
02    22.0    28.4   12:35    15.9   05:05     00.0     03.7    00.0   07.1     38.9    14:52     SSE
03    24.0    30.7   14:36    17.3   05:12     00.0     05.7    00.0   05.2     44.4    12:00      S 
04    25.1    30.7   14:43    18.8   04:26     00.0     06.8    00.0   05.9     33.3    12:33     SSE
05    23.8    28.7   14:49    17.9   04:45     00.0     05.5    00.0   05.2     31.4    11:17     SSE
06    25.3    32.5   10:57    19.7   04:23     00.0     07.0    00.0   04.6     29.6    12:45     SSE
07    27.4    32.6   12:08    22.2   06:20     00.0     09.1    00.0   04.5     27.8    10:57      SE
08    26.7    30.8   08:10    22.6   00:00     00.0     08.4    00.8   06.2     33.3    11:56     SSE
09    25.2    30.6   11:21    21.6   05:13     00.0     06.9    00.0   05.2     35.1    14:42     SSE
10    24.9    29.1   13:53    20.3   04:53     00.0     06.6    00.0   06.2     33.3    12:09     SSE
11    25.4    29.6   15:27    21.5   04:15     00.0     07.1    00.0   06.9     29.6    15:14      SE
12    26.6    32.6   13:45    22.1   04:52     00.0     08.3    00.0   06.1     29.6    14:55     SSE
13    26.5    32.2   15:33    22.6   04:49     00.0     08.2    00.0   07.0     35.1    12:07      S 
14    24.6    27.9   12:37    22.9   00:00     00.0     06.3    00.0   06.4     33.3    14:15     SSE
15    26.3    31.1   16:18    21.5   04:10     00.0     08.0    00.0   06.2     37.0    12:44     SSE
16    26.0    29.8   10:24    21.9   05:13     00.0     07.7    00.0   06.3     35.1    12:44     SSE
17    25.8    30.3   13:35    21.8   04:41     00.0     07.5    00.0   06.5     29.6    13:48      SE
18    26.2    33.4   14:00    20.7   05:02     00.0     07.9    00.0   06.4     35.1    15:24     SSE
19    26.2    31.8   10:00    21.9   04:24     00.0     07.9    00.0   06.3     29.6    11:35     SSE
20    25.7    30.2   15:19    22.3   03:20     00.0     07.4    00.0   06.6     29.6    09:44     SSE
21    24.6    28.1   17:59    21.7   06:03     00.0     06.3    00.0   04.3     25.9    09:26      W 
22    25.4    30.3   14:32    19.8   05:33     00.0     07.1    00.0   05.2     29.6    10:35     SSE
23    24.0    28.4   12:40    19.9   23:59     00.0     05.7    07.6   06.6     29.6    17:14      SE
24    24.2    30.7   11:59    18.5   04:58     00.0     05.9    00.2   05.4     29.6    13:42     SSE
25    23.9    28.9   11:45    20.3   06:12     00.0     05.6    00.0   06.6     40.7    14:20     SSW
26    23.2    27.6   11:37    19.7   04:50     00.0     04.9    00.0   06.3     29.6    13:21      SE
27    25.6    31.8   15:28    19.3   05:15     00.0     07.3    00.0   05.1     29.6    13:40     SSE
28    25.7    29.7   14:17    22.1   04:30     00.0     07.4    00.0   06.5     27.8    14:34      SE
29    26.3    31.9   16:44    21.2   05:07     00.0     08.0    00.0   05.1     29.6    15:54     SSE
30    26.6    32.0   13:17    21.9   05:57     00.0     08.3    00.0   05.3     29.6    13:26     SSE
31    26.6    32.3   14:19    21.9   05:22     00.0     08.3    00.0   05.6     27.8    12:31     SSE
--------------------------------------------------------------------------------------------------------
25.2 (25.4)   33.4  day 18     15.9  day 02   000.0    212.4   008.6   05.9     44.4   day 03     SSE
Max >=  30: 19
Max <=   25: 1
Min <=   20: 11
Max Rain: 7.6 ON 23-07-17
Days of Rain: 3 (> .2mm) 1 (> 2mm) 0 (> 20mm)