MONTHLY CLIMATOLOGICAL SUMMARY for JAN. 2017

NAME:    CITY:  STATE: 
ELEV:  LAT:  LONG: 

                            TEMPERATURE ( C), RAIN (mm), WIND SPEED (kmh)

                                               HEAT     COOL           AVG
      MEAN                                     DEG      DEG            WIND                       DOM
DAY   TEMP    HIGH   TIME     LOW    TIME      DAYS     DAYS    RAIN   SPEED    HIGH    TIME      DIR
----------------------------------------------------------------------------------------------------------------------------------------------------------
14    07.5    10.9   14:39    03.7   22:34     10.8     00.0    00.0   09.3     12.9    00:00     WSW
15    07.3    12.2   13:53    02.8   06:52     11.0     00.0    00.0   07.6     12.9    17:01      W 
16    07.4    13.5   14:13    03.8   23:56     10.9     00.0    00.0   01.2     03.7    09:01     ESE
17    04.5    08.2   14:39    00.6   23:54     13.8     00.0    00.0   02.2     07.4    21:18      N 
18    03.7    09.9   14:44   -01.6   05:12     14.6     00.0    00.0   03.2     16.6    07:48     NNE
19    06.1    10.1   14:31    01.5   04:50     12.2     00.0    00.0   07.6     40.7    13:12      N 
20    08.5    09.5   14:08    07.4   02:11     09.8     00.0    01.5   10.1     37.0    13:07     NNE
21    09.8    11.3   13:37    07.8   00:31     08.5     00.0    00.9   10.3     48.1    20:07     NNE
22    09.2    11.6   12:19    07.9   19:04     09.1     00.0    02.4   06.6     31.4    11:56     NNE
23    09.2    10.6   10:54    07.2   03:46     09.1     00.0    03.6   03.5     16.6    10:58     WNW
24    08.6    13.5   15:53    05.7   00:00     09.7     00.0    00.0   03.1     18.5    08:19     NNE
25    05.1    06.3   12:43    03.9   22:02     13.2     00.0    00.4   03.7     16.6    17:53      NE
26    05.5    09.6   18:34    03.8   07:43     12.8     00.0    01.5   01.9     11.1    07:53     NNE
27    10.0    12.7   11:54    06.5   03:37     08.3     00.0    13.4   04.6     18.5    22:23      NE
28    10.6    10.6   00:00    10.6   07:09     07.7     00.0    03.7   05.3     18.5    01:53      N 
30    11.4    17.0   15:45    05.4   08:19     06.9     00.0    00.0   02.0     12.9    16:54     WSW
31    12.2    17.4   14:20    08.1   08:28     06.1     00.0    00.0   02.4     12.9    15:20      SW
----------------------------------------------------------------------------------------------------------------------------------------------------------
08.0 (8.2)   17.4  day 31    -01.6  day 18   174.4    000.0   033.0   05.0     48.1   day 21     N
Max <=   25: 17
Min <=   20: 17
Min <= 15: 17
Max Rain: 13.4 ON 27-01-17
Days of Rain: 8 (> .2mm) 4 (> 2mm) 0 (> 20mm)