MONTHLY CLIMATOLOGICAL SUMMARY for FEB. 2017

NAME:    CITY:  STATE: 
ELEV:  LAT:  LONG: 

                            TEMPERATURE ( C), RAIN (mm), WIND SPEED (kmh)

                                               HEAT     COOL           AVG
      MEAN                                     DEG      DEG            WIND                       DOM
DAY   TEMP    HIGH   TIME     LOW    TIME      DAYS     DAYS    RAIN   SPEED    HIGH    TIME      DIR
--------------------------------------------------------------------------------------------------------
01    12.5    16.9   15:35    08.7   08:42     05.8     00.0    00.0   02.5     11.1    14:51      SW
17    12.1    14.8   13:31    09.7   00:00     06.2     00.0    00.0   04.1     14.8    10:30      SW
18    11.6    16.6   14:02    07.2   07:49     06.7     00.0    00.0   01.8     22.2    16:33      NE
19    11.7    17.1   13:57    07.3   07:33     06.6     00.0    00.0   03.7     22.2    14:55     SSE
20    12.0    17.9   15:28    08.6   06:52     06.3     00.0    00.0   03.7     24.1    13:53     WNW
21    13.2    20.3   15:27    06.7   06:32     05.1     00.0    00.0   02.8     18.5    15:43      W 
22    14.1    22.6   14:03    07.4   07:13     04.2     00.0    00.0   02.5     18.5    15:57      SW
23    13.9    18.6   15:53    08.8   07:06     04.4     00.0    00.0   02.6     18.5    14:17     WSW
24    11.4    13.2   00:51    09.4   23:20     06.9     00.0    14.9   02.0     11.1    17:35      N 
25    10.1    15.3   13:52    05.7   07:20     08.2     00.0    00.0   03.7     18.5    14:55      NW
26    11.1    18.1   15:32    05.8   06:56     07.2     00.0    00.0   03.5     18.5    15:10     WSW
27    13.4    19.2   15:14    09.6   06:39     04.9     00.0    00.0   05.1     25.9    13:08     WSW
28    14.0    17.8   14:46    10.1   23:37     04.3     00.0    00.0   07.3     37.0    16:00      W 
--------------------------------------------------------------------------------------------------------
12.4 (12.8)   22.6  day 22     03.9  day 01   082.1    000.0   041.8   03.4     44.4   day 28     WSW
Max <=   25: 14
Min <=   20: 14
Min <= 15: 14
Max Rain: 14.9 ON 24-02-17
Days of Rain: 1 (> .2mm) 1 (> 2mm) 0 (> 20mm)