MONTHLY CLIMATOLOGICAL SUMMARY for AUG. 2017

NAME:    CITY:  STATE: 
ELEV:  LAT:  LONG: 

                            TEMPERATURE ( C), RAIN (mm), WIND SPEED (kmh)

                                               HEAT     COOL           AVG
      MEAN                                     DEG      DEG            WIND                       DOM
DAY   TEMP    HIGH   TIME     LOW    TIME      DAYS     DAYS    RAIN   SPEED    HIGH    TIME      DIR
--------------------------------------------------------------------------------------------------------
01    25.6    32.1   13:18    22.6   06:10     00.0     07.3    00.0   03.9     24.1    14:45      E 
02    28.4    33.6   16:28    22.8   05:03     00.0     10.1    00.0   04.5     29.6    11:24     SSE
03    29.7    35.2   17:48    25.1   06:23     00.0     11.4    00.0   05.3     35.1    11:48     SSE
04    29.3    35.7   13:33    24.1   05:58     00.0     11.0    00.0   06.1     35.1    14:53     SSE
05    30.0    36.6   13:58    24.4   05:24     00.0     11.7    00.0   05.0     31.4    13:52      S 
06    27.5    33.3   11:05    23.9   04:53     00.0     09.2    00.0   06.1     37.0    12:55      S 
07    26.8    31.7   15:28    22.8   06:00     00.0     08.5    00.0   05.6     33.3    12:52     SSW
08    24.6    28.4   15:37    19.7   23:50     00.0     06.3    13.9   04.9     29.6    08:28     ESE
09    21.3    26.5   10:21    17.4   22:01     00.0     03.0    04.0   05.5     29.6    14:26     SSE
10    21.1    28.3   14:54    16.5   06:20     00.0     02.8    00.6   05.8     37.0    15:54      W 
11    20.8    25.7   13:52    16.4   05:40     00.0     02.5    00.0   06.6     35.1    13:05     SSE
12    22.6    27.8   15:52    18.3   05:39     00.0     04.3    00.0   05.9     33.3    13:51     SSE
13    23.8    29.6   15:40    18.3   06:44     00.0     05.5    00.0   05.2     33.3    12:39     SSE
14    25.6    32.2   13:58    20.4   05:42     00.0     07.3    00.0   04.6     27.8    15:13     SSW
15    24.1    28.9   14:07    18.9   06:03     00.0     05.8    00.0   04.4     29.6    12:20     SSE
16    25.0    30.6   12:20    21.2   06:04     00.0     06.7    00.0   04.3     27.8    15:22      SE
17    26.6    33.2   12:26    21.1   03:52     00.0     08.3    00.0   04.5     31.4    13:16      S 
18    28.2    35.1   12:47    21.7   05:39     00.0     09.9    00.0   04.8     29.6    14:28      S 
19    24.7    28.9   15:04    23.3   06:59     00.0     06.4    00.4   04.2     24.1    14:16      S 
20    24.8    29.0   15:49    22.2   00:00     00.0     06.5    00.0   04.9     27.8    16:32     SSW
21    24.4    30.4   11:15    20.3   05:50     00.0     06.1    00.0   05.3     31.4    12:10     SSE
22    26.4    33.1   13:31    20.9   05:56     00.0     08.1    00.0   04.3     27.8    12:10     SSW
23    26.2    33.6   14:51    20.0   05:44     00.0     07.9    00.6   04.9     29.6    13:14     SSW
24    26.5    33.7   14:33    21.5   04:49     00.0     08.2    00.2   04.6     25.9    15:10      S 
25    25.3    30.8   12:14    20.1   05:28     00.0     07.0    00.0   05.0     24.1    13:16     SSE
26    25.5    30.7   14:17    21.2   06:20     00.0     07.2    00.0   04.8     27.8    10:58     SSE
27    25.8    31.2   12:33    21.7   05:50     00.0     07.5    00.0   04.9     27.8    14:10     SSE
28    26.6    35.6   12:03    22.3   06:02     00.0     08.3    00.0   04.5     31.4    12:09     SSE
29    27.4    33.3   12:06    23.6   06:15     00.0     09.1    00.0   04.6     29.6    16:21     WSW
30    24.7    29.3   15:10    20.9   05:17     00.0     06.4    00.4   05.6     42.5    01:52     WSW
--------------------------------------------------------------------------------------------------------
25.6 (26.3)   36.6  day 05     16.4  day 11   000.0    220.2   022.5   05.0     42.6   day 21      S 
Max >=  30: 20
Min <=   20: 8
Max Rain: 13.9 ON 8-08-17
Days of Rain: 7 (> .2mm) 2 (> 2mm) 0 (> 20mm)