MONTHLY CLIMATOLOGICAL SUMMARY for APR. 2017

NAME:    CITY:  STATE: 
ELEV:  LAT:  LONG: 

                            TEMPERATURE ( C), RAIN (mm), WIND SPEED (kmh)

                                               HEAT     COOL           AVG
      MEAN                                     DEG      DEG            WIND                       DOM
DAY   TEMP    HIGH   TIME     LOW    TIME      DAYS     DAYS    RAIN   SPEED    HIGH    TIME      DIR
--------------------------------------------------------------------------------------------------------
01    11.3    13.1   12:43    08.2   23:18     07.0     00.0    06.1   02.7     18.5    13:10      W 
02    11.4    18.7   12:47    06.7   03:06     06.9     00.0    02.2   04.5     33.3    17:02     SSE
03    15.1    22.9   16:02    09.4   01:07     03.2     00.0    00.0   04.6     22.2    07:39      NW
04    16.5    23.4   14:14    10.8   06:49     01.8     00.0    00.0   04.5     29.6    14:14      SW
05    14.8    21.1   15:08    10.1   23:38     03.5     00.0    04.4   04.8     29.6    18:49     WNW
06    14.8    22.4   13:30    08.7   05:25     03.5     00.0    00.0   04.3     29.6    15:08      S 
07    15.0    21.8   11:48    10.1   04:33     03.3     00.0    00.0   04.8     29.6    15:15     SSE
08    16.8    24.5   14:40    10.4   06:13     01.5     00.0    00.0   03.6     24.1    17:13     SSW
09    16.3    23.2   13:44    09.8   06:05     02.0     00.0    00.0   04.1     27.8    13:01     SSW
10    17.9    26.2   15:00    11.2   06:09     00.4     00.0    00.2   04.3     29.6    17:31     WSW
11    16.9    26.3   12:07    12.1   06:20     01.4     00.0    00.0   04.7     33.3    13:06     SSE
12    16.4    21.9   13:56    11.1   05:00     01.9     00.0    00.0   05.1     31.4    12:17     SSE
13    17.2    24.1   11:42    11.6   05:06     01.1     00.0    00.0   04.4     27.8    14:05     SSE
14    17.8    23.5   11:51    11.4   05:51     00.5     00.0    00.0   04.9     29.6    14:32     SSE
15    16.6    20.5   10:15    13.0   05:43     01.7     00.0    00.0   05.3     29.6    14:39     SSE
16    16.5    22.2   14:27    10.7   06:10     01.8     00.0    00.0   04.8     33.3    12:34     SSW
17    17.0    23.3   15:48    11.6   06:28     01.3     00.0    00.0   04.7     27.8    13:40      S 
18    16.1    21.2   11:27    12.6   05:52     02.2     00.0    00.2   05.5     27.8    12:28     SSE
19    12.4    16.6   17:07    08.1   07:11     05.9     00.0    00.0   04.7     24.1    14:23     NNW
20    11.7    18.1   12:45    06.7   05:37     06.6     00.0    00.0   06.0     33.3    14:39      SE
21    12.4    19.0   14:20    05.7   06:11     05.9     00.0    00.0   04.6     29.6    13:30      S 
22    14.8    21.8   14:19    08.4   04:27     03.5     00.0    00.0   05.2     29.6    13:45      SW
23    16.0    22.1   13:54    09.2   05:27     02.3     00.0    00.0   04.2     22.2    14:10      S 
24    16.0    22.4   11:24    10.6   05:42     02.3     00.0    00.0   05.5     29.6    13:33     SSE
25    15.9    22.5   13:27    09.6   05:02     02.4     00.0    00.0   04.4     29.6    13:54     SSW
26    12.4    15.2   00:13    09.9   00:00     05.9     00.0    06.2   03.0     16.6    11:36      N 
27    08.1    11.0   17:21    06.4   10:32     10.2     00.0    19.8   02.8     14.8    02:21      N 
28    10.5    16.6   16:21    04.5   05:22     07.8     00.0    00.2   04.9     29.6    15:41     SSE
29    12.1    17.9   11:39    06.6   03:37     06.2     00.0    00.0   05.1     35.1    16:59      SW
30    14.9    19.8   12:29    11.6   06:27     03.4     00.0    02.6   05.1     33.3    17:01      SW
--------------------------------------------------------------------------------------------------------
14.7 (15.2)   26.3  day 11     04.5  day 28   107.2    000.0   041.9   04.6     35.2   day 11      S 
Max <=   25: 28
Min <=   20: 30
Min <= 15: 30
Max Rain: 19.8 ON 27-04-17
Days of Rain: 9 (> .2mm) 6 (> 2mm) 0 (> 20mm)