MONTHLY CLIMATOLOGICAL SUMMARY for JUL. 2016

NAME:    CITY:  STATE: 
ELEV:  LAT:  LONG: 

                            TEMPERATURE ( C), RAIN (mm), WIND SPEED (kmh)

                                               HEAT     COOL           AVG
      MEAN                                     DEG      DEG            WIND                       DOM
DAY   TEMP    HIGH   TIME     LOW    TIME      DAYS     DAYS    RAIN   SPEED    HIGH    TIME      DIR
----------------------------------------------------------------------------------------------------------------------------------------------------------
01    25.1    29.1   12:43    20.4   05:25     00.0     06.8    00.0   04.8     27.8    12:03      S 
02    23.7    27.6   10:25    20.1   04:41     00.0     05.4    00.0   04.9     31.4    13:31     SSW
03    23.6    26.8   12:48    21.6   23:42     00.0     05.3    00.0   04.7     24.1    13:30     SSW
04    24.3    28.6   12:05    20.1   04:51     00.0     06.0    00.0   04.4     29.6    12:52      S 
05    26.3    30.6   10:23    21.1   05:58     00.0     08.0    00.0   04.7     24.1    11:31     SSW
06    27.2    32.2   15:08    23.3   06:16     00.0     08.9    00.0   04.7     25.9    11:33     SSW
07    27.1    32.6   14:44    22.0   05:40     00.0     08.8    00.0   04.6     27.8    11:18     SSW
08    27.7    32.0   11:07    24.5   06:54     00.0     09.4    00.0   04.6     29.6    12:06     SSW
09    27.6    33.2   10:24    23.5   05:14     00.0     09.3    00.0   05.3     29.6    11:56     SSW
10    29.2    35.1   14:57    23.5   05:34     00.0     10.9    00.0   04.6     29.6    13:27     SSW
11    27.6    31.1   15:23    24.6   04:50     00.0     09.3    00.0   04.5     22.2    15:32     SSW
12    25.1    28.5   10:06    22.1   05:06     00.0     06.8    00.0   05.7     24.1    15:23      S 
13    22.9    28.0   12:48    21.1   07:27     00.0     04.6    00.0   06.3     35.1    13:13      SW
14    21.5    24.8   12:30    18.8   05:21     00.0     03.2    00.0   05.8     29.6    15:12     SSE
15    23.5    27.6   12:10    17.2   03:53     00.0     05.2    00.0   06.1     29.6    12:35      SW
16    25.0    27.5   12:24    21.3   00:00     00.0     06.7    00.0   06.7     29.6    13:37     SSW
17    24.5    30.1   13:58    18.9   05:56     00.0     06.2    00.0   05.0     31.4    15:06      S 
18    23.5    28.3   10:44    18.8   05:23     00.0     05.2    00.0   04.7     24.1    13:31      S 
19    25.7    33.3   14:27    18.4   05:18     00.0     07.4    00.0   04.3     20.4    13:04      SW
20    27.8    35.8   15:09    20.4   04:31     00.0     09.5    00.0   04.5     35.1    15:16     WSW
21    26.1    29.1   13:59    23.3   00:00     00.0     07.8    00.0   04.8     24.1    14:31      S 
22    24.6    31.2   14:49    20.2   20:54     00.0     06.3    02.1   04.9     20.4    17:06      N 
23    24.0    28.8   12:02    19.2   05:05     00.0     05.7    00.0   04.1     18.5    14:36     SSW
24    25.3    30.8   11:48    19.5   04:50     00.0     07.0    00.0   04.7     31.4    13:15      S 
25    27.0    32.8   15:02    21.3   05:03     00.0     08.7    00.0   04.6     29.6    12:09      SW
26    27.5    34.3   14:30    21.9   05:53     00.0     09.2    00.0   04.5     24.1    15:20      SW
27    25.7    30.0   15:33    21.6   05:19     00.0     07.4    00.0   04.6     24.1    16:39      S 
28    26.1    31.5   13:53    21.5   05:00     00.0     07.8    00.0   04.5     27.8    12:05     SSW
29    27.1    33.1   13:24    21.6   05:52     00.0     08.8    00.0   04.8     24.1    11:52      SW
30    28.1    34.2   13:10    22.8   05:12     00.0     09.8    00.0   04.9     22.2    13:52      SW
31    26.2    32.9   13:03    22.5   06:22     00.0     07.9    00.0   05.3     31.4    14:31      S 
----------------------------------------------------------------------------------------------------------------------------------------------------------
25.7 (25.9)   35.8  day 20     17.2  day 15   000.0    229.1   002.1   04.9     35.2   day 31     SSW
Max >=  30: 19
Max <=   25: 1
Min <=   20: 7
Max Rain: 2.1 ON 22-07-16
Days of Rain: 1 (> .2mm) 1 (> 2mm) 0 (> 20mm)