MONTHLY CLIMATOLOGICAL SUMMARY for DEC. 2016

NAME:    CITY:  STATE: 
ELEV:  LAT:  LONG: 

                            TEMPERATURE ( C), RAIN (mm), WIND SPEED (kmh)

                                               HEAT     COOL           AVG
      MEAN                                     DEG      DEG            WIND                       DOM
DAY   TEMP    HIGH   TIME     LOW    TIME      DAYS     DAYS    RAIN   SPEED    HIGH    TIME      DIR
----------------------------------------------------------------------------------------------------------------------------------------------------------
01    09.9    15.4   14:47    05.0   07:38     08.4     00.0    00.0   00.6     05.5    19:10     WSW
02    08.9    16.3   13:47    03.2   06:53     09.4     00.0    00.0   01.8     16.6    14:38      W 
03    08.7    14.4   14:33    03.8   06:20     09.6     00.0    00.0   01.4     09.3    15:57      NE
04    13.1    15.9   14:13    09.5   01:18     05.2     00.0    00.0   03.7     16.6    21:17      NE
05    15.4    17.1   10:40    12.2   22:25     02.9     00.0    00.0   08.4     07.4    05:26     NNE
06    13.1    18.9   14:17    11.1   07:14     05.2     00.0    00.0   02.7     09.3    15:40      W 
07    11.3    16.7   15:10    09.0   00:00     07.0     00.0    00.0   01.5     09.3    13:16      N 
08    07.7    09.2   00:32    07.4   00:00     10.6     00.0    00.0   01.5     09.3    16:01      N 
09    12.0    19.1   14:49    07.4   09:53     06.3     00.0    00.0   05.2     11.1    08:29      SW
10    12.8    19.0   15:03    08.5   06:03     05.5     00.0    00.0   07.4     03.7    00:00      SW
11    11.5    17.4   14:27    07.7   08:26     06.8     00.0    00.0   06.2     05.5    20:21      SW
12    10.1    17.6   15:16    05.1   07:18     08.2     00.0    00.0   02.0     03.7    00:00      N 
13    10.5    15.9   14:24    06.7   06:41     07.8     00.0    00.0   01.6     05.5    00:00      E 
14    07.5    09.4   00:01    07.3   23:58     10.8     00.0    00.0   01.8     07.4    00:04     WNW
15    09.9    12.9   14:26    07.3   08:02     08.4     00.0    00.0   01.1     03.7    14:37     WSW
17    12.1    14.1   22:02    07.7   00:00     06.2     00.0    07.9   00.4     07.4    22:20     NNW
18    09.3    13.3   15:15    06.6   04:11     09.0     00.0    00.0   00.0     00.0    00:00     NNW
19    08.7    11.3   23:55    06.0   04:36     09.6     00.0    07.0   00.0     00.0    00:00     NNW
20    11.2    13.1   14:57    09.2   21:47     07.1     00.0    03.9   00.0     00.0    00:00     NNW
21    12.1    16.7   13:43    09.3   00:57     06.2     00.0    00.9   00.0     00.0    00:00     NNW
22    11.0    17.5   14:02    07.0   06:23     07.3     00.0    00.0   00.0     00.0    00:00     NNW
23    10.8    17.5   14:11    06.6   08:29     07.5     00.0    00.0   00.0     00.0    00:00      SW
24    10.6    15.8   15:19    06.2   07:59     07.7     00.0    00.0   06.7     07.4    00:00     NNE
25    10.5    15.6   15:23    05.3   05:23     07.8     00.0    00.0   02.2     07.4    01:29     NNW
26    10.6    17.2   14:25    06.6   06:27     07.7     00.0    00.0   00.0     00.0    00:00     ESE
27    10.5    16.5   14:48    06.4   08:42     07.8     00.0    00.0   00.0     01.9    00:00      E 
28    09.2    16.8   14:25    04.5   06:05     09.1     00.0    00.0   00.0     01.9    18:20     ENE
29    07.4    14.7   15:29    02.2   08:13     10.9     00.0    00.0   00.0     00.0    00:00     WSW
30    08.7    15.1   15:26    04.8   02:48     09.6     00.0    00.0   00.0     00.0    00:00      SW
31    06.1    07.2   00:03    06.0   00:00     12.2     00.0    00.0   00.0     00.0    00:00      SW
----------------------------------------------------------------------------------------------------------------------------------------------------------
10.4 (11.1)   19.1  day 09     02.2  day 29   237.9    000.0   019.5   01.9     16.7   day 04      NW
Max <=   25: 30
Min <=   20: 30
Min <= 15: 30
Max Rain: 7.9 ON 17-12-17
Days of Rain: 4 (> .2mm) 3 (> 2mm) 0 (> 20mm)