MONTHLY CLIMATOLOGICAL SUMMARY for APR. 2016

NAME:    CITY:  STATE: 
ELEV:  LAT:  LONG: 

                            TEMPERATURE ( C), RAIN (mm), WIND SPEED (kmh)

                                               HEAT     COOL           AVG
      MEAN                                     DEG      DEG            WIND                       DOM
DAY   TEMP    HIGH   TIME     LOW    TIME      DAYS     DAYS    RAIN   SPEED    HIGH    TIME      DIR
----------------------------------------------------------------------------------------------------------------------------------------------------------
01    11.2    13.8   15:32    09.0   05:09     07.1     00.0    14.9   03.5     16.6    12:03      W 
02    13.7    18.2   17:18    09.3   02:37     04.6     00.0    00.0   03.4     12.9    16:57      SW
03    15.6    18.5   13:49    11.7   08:06     02.7     00.0    00.0   04.9     33.3    09:44      SW
04    13.4    16.5   12:52    10.1   04:00     04.9     00.0    04.5   03.3     20.4    11:15      S 
05    13.2    14.0   10:51    12.1   12:39     05.1     00.0    21.9   04.3     29.6    06:06      SE
06    15.3    21.3   14:16    10.8   05:03     03.0     00.0    00.0   03.6     24.1    16:13     WSW
07    14.3    19.6   13:12    10.3   06:13     04.0     00.0    00.0   05.2     25.9    14:02     SSW
08    10.6    15.3   13:14    07.5   08:11     07.7     00.0    00.0   04.4     25.9    14:32      SW
09    12.7    21.0   15:02    06.3   03:16     05.6     00.0    00.0   05.5     20.4    17:04     NNW
10    14.1    19.8   13:24    08.4   06:05     04.2     00.0    00.0   03.9     22.2    14:53     SSW
11    15.7    21.6   13:42    11.2   03:45     02.6     00.0    02.0   04.7     24.1    14:45      SW
12    16.3    22.5   13:29    11.0   06:20     02.0     00.0    00.0   04.6     24.1    15:58     SSW
13    17.2    21.3   15:09    13.3   06:19     01.1     00.0    00.0   06.2     31.4    13:23     WSW
14    17.0    23.7   13:29    10.7   04:54     01.3     00.0    00.0   05.0     29.6    14:06      SW
15    17.2    23.8   13:26    11.3   05:50     01.1     00.0    00.0   04.0     20.4    15:26     SSW
16    18.5    25.3   13:49    11.1   05:07     00.0     00.2    00.0   05.3     25.9    14:14      SW
17    18.6    23.2   15:16    14.1   23:52     00.0     00.3    00.0   06.0     29.6    14:21     WSW
18    14.5    19.0   10:14    11.5   06:16     03.8     00.0    00.0   05.0     27.8    12:11      S 
19    14.2    21.2   12:13    09.7   04:45     04.1     00.0    00.0   04.9     22.2    14:31      E 
20    17.4    22.0   12:43    13.3   00:00     00.9     00.0    00.3   06.4     33.3    13:01      N 
21    14.4    20.2   15:14    11.4   07:06     03.9     00.0    24.9   04.0     18.5    00:42     NNE
22    15.7    19.8   12:04    12.0   05:02     02.6     00.0    00.0   03.5     18.5    13:51     WSW
23    14.1    20.6   12:10    10.7   23:22     04.2     00.0    16.9   03.9     24.1    14:12      N 
24    14.1    20.0   12:05    08.2   04:39     04.2     00.0    00.0   04.7     27.8    13:19     SSW
25    12.9    14.7   20:58    09.0   06:15     05.4     00.0    00.0   05.3     16.6    06:55      SW
26    13.7    18.4   15:22    08.6   05:34     04.6     00.0    00.0   04.3     22.2    12:57     SSE
27    12.8    15.0   10:50    11.4   00:00     05.5     00.0    00.3   04.4     18.5    12:45     ENE
28    11.8    14.6   16:49    09.9   06:18     06.5     00.0    09.0   03.2     12.9    19:11     WNW
29    14.2    17.2   12:09    10.6   05:35     04.1     00.0    00.0   03.9     16.6    12:13      S 
30    13.0    17.2   12:22    10.3   00:00     05.3     00.0    02.2   03.5     24.1    13:41     SSW
----------------------------------------------------------------------------------------------------------------------------------------------------------
14.6 (14.9)   25.3  day 16     06.3  day 09   111.9    000.5   103.5   04.5     33.3   day 13      SW
Max <=   25: 29
Min <=   20: 30
Min <= 15: 30
Max Rain: 24.9 ON 21-04-16
Days of Rain: 10 (> .2mm) 7 (> 2mm) 2 (> 20mm)