MONTHLY CLIMATOLOGICAL SUMMARY for MAR. 2015

NAME:    CITY:  STATE: 
ELEV:  LAT:  LONG: 

                            TEMPERATURE ( C), RAIN (mm), WIND SPEED (kmh)

                                               HEAT     COOL           AVG
      MEAN                                     DEG      DEG            WIND                       DOM
DAY   TEMP    HIGH   TIME     LOW    TIME      DAYS     DAYS    RAIN   SPEED    HIGH    TIME      DIR
----------------------------------------------------------------------------------------------------------------------------------------------------------
03    14.2    17.8   14:48    10.7   00:00     04.1     00.0    00.0   04.2     20.4    13:31     SSW
04    09.6    13.1   12:50    05.7   23:37     08.7     00.0    08.4   03.7     20.4    13:17      W 
05    08.7    08.7   04:20    08.4   23:13     09.6     00.0    00.0   01.9     05.5    23:00      NW
06    13.5    14.9   14:00    09.1   00:00     04.8     00.0    00.0   05.5     12.9    22:16     SSW
07    11.0    17.3   12:16    06.0   06:15     07.3     00.0    00.0   03.2     18.5    14:06      S 
08    10.6    16.0   12:46    05.9   07:08     07.7     00.0    00.0   02.8     18.5    15:25      S 
09    08.7    12.6   20:08    07.9   02:28     09.6     00.0    00.0   00.7     07.4    23:34     NNE
10    14.5    20.5   14:48    08.9   05:31     03.8     00.0    00.0   02.9     20.4    13:49     WSW
11    15.4    23.7   13:40    09.6   06:40     02.9     00.0    00.0   02.7     16.6    15:02     SSW
12    13.5    18.8   11:10    10.8   00:00     04.8     00.0    00.0   03.7     22.2    11:55     SSE
13    12.6    17.7   12:35    08.8   06:53     05.7     00.0    00.0   03.5     18.5    12:46      SW
14    07.8    11.2   14:46    04.8   00:00     10.5     00.0    06.0   04.7     20.4    16:22     SSW
15    07.6    13.5   13:38    02.8   05:31     10.7     00.0    00.3   04.0     27.8    16:17      E 
16    08.4    12.9   13:12    05.0   05:54     09.9     00.0    00.0   03.5     14.8    15:46     NNE
17    09.9    16.0   14:20    04.1   04:48     08.4     00.0    00.0   03.6     20.4    14:20     ESE
18    12.4    15.2   14:06    10.0   06:48     05.9     00.0    00.0   06.6     29.6    12:46      N 
19    13.8    18.3   13:35    09.8   02:43     04.5     00.0    00.0   06.0     33.3    10:52      N 
20    14.1    16.4   13:57    13.1   00:00     04.2     00.0    00.0   09.2     48.1    11:43     NNW
21    12.7    15.2   16:11    11.3   08:52     05.6     00.0    13.1   06.7     29.6    07:03      N 
22    11.8    16.6   13:25    09.4   06:31     06.5     00.0    00.0   05.2     20.4    16:27     NNE
23    12.2    15.5   14:04    10.1   01:19     06.1     00.0    00.0   06.0     24.1    21:56      N 
24    11.8    13.9   14:33    10.3   06:36     06.5     00.0    01.8   05.5     24.1    14:57      N 
25    10.8    13.7   14:25    07.9   00:00     07.5     00.0    01.8   03.4     18.5    14:27      SW
26    11.0    17.3   16:41    05.0   06:04     07.3     00.0    00.0   04.3     18.5    15:30     WNW
27    13.5    20.0   12:37    09.2   01:30     04.8     00.0    00.0   03.2     24.1    13:29     SSW
28    15.7    22.5   12:22    09.9   03:34     02.6     00.0    00.0   03.7     24.1    14:09     SSE
29    15.1    21.1   13:54    10.7   04:15     03.2     00.0    00.0   03.0     18.5    15:15     WNW
30    17.4    26.0   14:37    12.8   01:55     00.9     00.0    00.0   02.9     20.4    14:15      NW
31    16.8    24.4   12:29    12.4   00:00     01.5     00.0    00.0   04.7     24.1    12:41     SSW
----------------------------------------------------------------------------------------------------------------------------------------------------------
12.3 (12.8)   26.0  day 30     02.8  day 15   191.5    000.0   033.5   04.3     48.1   day 05      NW
Max <=   25: 31
Min <=   20: 32
Min <= 15: 32
Max Rain: 13.1 ON 21-03-15
Days of Rain: 6 (> .2mm) 3 (> 2mm) 0 (> 20mm)