MONTHLY CLIMATOLOGICAL SUMMARY for JUN. 2015

NAME:    CITY:  STATE: 
ELEV:  LAT:  LONG: 

                            TEMPERATURE ( C), RAIN (mm), WIND SPEED (kmh)

                                               HEAT     COOL           AVG
      MEAN                                     DEG      DEG            WIND                       DOM
DAY   TEMP    HIGH   TIME     LOW    TIME      DAYS     DAYS    RAIN   SPEED    HIGH    TIME      DIR
----------------------------------------------------------------------------------------------------------------------------------------------------------
13    20.3    21.0   20:03    19.7   23:27     00.0     02.0    00.0   02.6     07.4    23:01     NNE
14    22.0    26.9   11:40    18.5   04:43     00.0     03.7    00.0   05.1     27.8    12:46      SW
15    19.7    22.7   09:22    16.9   00:00     00.0     01.4    01.5   03.8     14.8    11:26      N 
16    19.7    24.4   10:19    16.9   00:12     00.0     01.4    01.5   04.0     20.4    03:59     WSW
17    21.6    27.1   15:06    16.7   05:04     00.0     03.3    00.0   04.6     25.9    13:19     SSW
18    23.1    28.5   12:42    18.1   04:35     00.0     04.8    00.0   04.8     27.8    13:01     SSW
19    22.8    26.6   12:39    18.3   03:57     00.0     04.5    00.0   04.6     24.1    13:59      S 
20    23.9    28.7   16:26    18.5   04:44     00.0     05.6    00.0   04.7     27.8    11:28      S 
21    24.0    29.4   15:58    19.0   05:03     00.0     05.7    00.0   04.6     24.1    10:24     SSW
22    25.1    30.9   14:36    19.1   05:36     00.0     06.8    00.0   05.5     20.4    14:00      SW
23    24.4    28.5   10:29    21.5   23:17     00.0     06.1    00.0   05.4     22.2    10:34     SSW
24    22.7    27.3   13:03    19.4   05:17     00.0     04.4    00.0   05.1     25.9    15:35      S 
25    23.3    27.5   12:31    18.6   04:39     00.0     05.0    00.0   05.0     22.2    16:11     SSW
26    25.4    31.4   10:58    19.7   04:22     00.0     07.1    00.0   04.3     27.8    13:28     SSW
27    25.6    32.3   10:54    20.8   05:18     00.0     07.3    00.0   04.0     24.1    13:18     SSW
28    26.3    29.7   12:19    24.2   08:02     00.0     08.0    00.0   03.7     27.8    13:34      S 
29    28.1    34.2   14:18    21.5   04:36     00.0     09.8    00.0   04.6     31.4    16:34     SSW
30    29.0    34.8   13:15    23.9   04:51     00.0     10.7    00.0   04.2     24.1    14:24     SSW
----------------------------------------------------------------------------------------------------------------------------------------------------------
23.7 (24.0)   34.8  day 30     16.7  day 17   000.0    097.5   014.6   04.5     31.5   day 19     SSW
Max >=  30: 5
Max <=   25: 3
Min <=   20: 13
Max Rain: 1.5 ON 16-06-15
Days of Rain: 2 (> .2mm) 0 (> 2mm) 0 (> 20mm)