MONTHLY CLIMATOLOGICAL SUMMARY for FEB. 2015

NAME:    CITY:  STATE: 
ELEV:  LAT:  LONG: 

                            TEMPERATURE ( C), RAIN (mm), WIND SPEED (kmh)

                                               HEAT     COOL           AVG
      MEAN                                     DEG      DEG            WIND                       DOM
DAY   TEMP    HIGH   TIME     LOW    TIME      DAYS     DAYS    RAIN   SPEED    HIGH    TIME      DIR
----------------------------------------------------------------------------------------------------------------------------------------------------------
01    03.8    03.8   00:00    03.8   00:00     14.5     00.0    00.0   07.4     09.3    00:00      E 
02    05.4    09.0   16:21    02.8   07:21     12.9     00.0    00.0   03.9     18.5    00:34      W 
03    05.4    07.5   16:28    04.3   20:05     12.9     00.0    04.2   03.3     22.2    13:20     NNE
04    04.1    06.5   14:20    01.3   08:35     14.2     00.0    05.5   06.2     25.9    09:59      N 
05    05.5    10.7   15:21    02.3   00:00     12.8     00.0    00.0   05.3     20.4    12:57      NW
06    03.9    08.4   13:42   -00.3   05:33     14.4     00.0    00.0   03.7     20.4    14:09      W 
07    05.8    11.1   15:55    01.3   07:26     12.5     00.0    00.0   03.5     12.9    23:34     NNE
08    06.4    10.1   14:58    03.0   07:43     11.9     00.0    00.0   04.6     20.4    13:34     NNW
09    07.1    14.5   15:44    01.7   07:49     11.2     00.0    00.0   03.6     16.6    16:08      W 
10    09.8    18.4   15:36    05.1   01:57     08.5     00.0    00.0   02.8     12.9    16:58      SW
11    08.2    15.1   13:43    02.6   05:54     10.1     00.0    00.0   02.3     14.8    15:05      NE
12    09.1    15.1   13:35    04.8   06:11     09.2     00.0    00.0   02.6     16.6    14:21     SSW
13    11.5    16.7   14:14    07.7   07:21     06.8     00.0    00.0   04.3     22.2    14:16      SW
14    10.6    14.7   15:49    06.2   06:05     07.7     00.0    00.0   04.4     20.4    15:43     WSW
15    10.4    15.3   16:13    07.4   06:51     07.9     00.0    00.0   03.5     14.8    14:37      W 
16    09.9    16.5   14:27    04.2   07:53     08.4     00.0    00.0   03.3     22.2    15:22     WNW
17    11.2    14.7   16:32    08.7   05:22     07.1     00.0    00.0   02.2     09.3    22:31      N 
18    11.0    16.2   14:30    06.7   00:00     07.3     00.0    00.0   03.2     20.4    14:45     ENE
19    08.8    14.2   13:44    04.7   06:08     09.5     00.0    00.0   03.0     22.2    13:52      S 
20    08.7    14.6   14:31    04.1   07:56     09.6     00.0    00.0   04.0     22.2    15:58      SW
21    09.1    12.8   16:14    06.6   22:21     09.2     00.0    00.0   03.6     18.5    16:53      SW
22    09.3    15.2   16:43    05.5   06:37     09.0     00.0    00.0   06.4     31.4    11:34     NNE
23    12.0    19.9   16:20    06.5   01:06     06.3     00.0    00.0   04.5     31.4    21:12      W 
24    10.0    13.8   14:53    06.8   04:36     08.3     00.0    00.0   06.8     33.3    12:51      W 
25    11.5    18.2   16:10    07.4   02:18     06.8     00.0    00.0   04.5     22.2    00:01      W 
26    10.4    16.1   15:12    06.3   04:51     07.9     00.0    00.0   02.6     12.9    15:13      NE
27    11.1    15.9   12:06    06.5   00:00     07.2     00.0    00.0   04.4     27.8    13:26     SSW
28    08.8    15.9   14:22    03.6   06:50     09.5     00.0    00.0   03.5     20.4    12:49     NNW
----------------------------------------------------------------------------------------------------------------------------------------------------------
08.5 (9.2)   19.9  day 23    -00.3  day 06   273.7    000.0   009.7   04.1     33.3   day 24      W 
Max <=   25: 28
Min <=   20: 28
Min <= 15: 28
Max Rain: 5.5 ON 4-02-15
Days of Rain: 2 (> .2mm) 2 (> 2mm) 0 (> 20mm)