MONTHLY CLIMATOLOGICAL SUMMARY for AUG. 2015

NAME:    CITY:  STATE: 
ELEV:  LAT:  LONG: 

                            TEMPERATURE ( C), RAIN (mm), WIND SPEED (kmh)

                                               HEAT     COOL           AVG
      MEAN                                     DEG      DEG            WIND                       DOM
DAY   TEMP    HIGH   TIME     LOW    TIME      DAYS     DAYS    RAIN   SPEED    HIGH    TIME      DIR
----------------------------------------------------------------------------------------------------------------------------------------------------------
01    21.9    27.9   13:58    18.2   02:51     00.0     03.6    10.8   03.9     22.2    15:37     SSW
02    25.0    31.1   12:47    19.5   04:08     00.0     06.7    00.0   04.8     24.1    14:45      SW
03    27.4    34.0   12:01    22.1   04:58     00.0     09.1    00.0   05.2     24.1    13:33      SW
04    26.8    31.0   10:22    23.9   00:00     00.0     08.5    00.0   05.2     24.1    13:05     SSW
05    27.7    35.1   15:06    22.0   05:16     00.0     09.4    00.0   04.0     20.4    14:11      SW
06    26.5    31.0   12:55    22.3   05:20     00.0     08.2    00.0   04.7     24.1    14:22      S 
07    27.3    33.3   10:36    23.0   04:20     00.0     09.0    00.0   04.3     22.2    15:27      S 
08    25.2    31.4   13:50    20.3   23:44     00.0     06.9    00.9   03.6     25.9    14:32      NW
09    23.5    29.4   15:04    20.4   06:27     00.0     05.2    00.3   04.8     24.1    15:11      SW
10    24.1    29.4   11:55    20.2   02:49     00.0     05.8    00.0   04.9     24.1    14:22     SSE
11    25.5    31.4   14:38    20.5   05:41     00.0     07.2    00.0   04.3     24.1    12:58     SSW
12    26.2    29.8   14:00    22.3   02:38     00.0     07.9    00.0   04.0     18.5    14:15     SSW
13    25.0    31.4   11:25    20.5   15:56     00.0     06.7    23.9   04.2     24.1    16:10     NNE
14    22.8    28.5   12:01    19.2   21:33     00.0     04.5    00.0   05.3     25.9    14:15      SW
15    20.0    25.4   12:24    16.1   18:53     00.0     01.7    06.4   03.9     20.4    15:56      NE
16    21.2    26.8   17:09    15.7   05:38     00.0     02.9    00.0   03.7     22.2    12:29     SSW
17    22.3    25.4   15:44    19.6   03:38     00.0     04.0    00.0   04.5     20.4    13:51     SSE
18    20.0    24.1   16:20    17.1   08:05     00.0     01.7    09.4   03.6     16.6    04:15      NE
19    22.3    27.0   14:55    17.7   05:27     00.0     04.0    00.0   04.3     22.2    15:00      SW
20    23.9    29.0   11:37    19.3   05:22     00.0     05.6    00.0   04.0     25.9    13:34     SSW
21    25.2    30.6   11:29    21.2   05:18     00.0     06.9    01.9   03.9     22.2    13:46      SW
22    24.3    29.4   12:03    21.6   05:52     00.0     06.0    02.7   03.9     20.4    16:03     SSW
23    24.9    30.9   12:45    21.0   06:00     00.0     06.6    00.0   03.6     22.2    14:48      NE
24    25.0    30.5   14:00    20.2   23:57     00.0     06.7    00.0   05.9     24.1    14:21      W 
25    22.9    27.8   14:48    18.2   04:35     00.0     04.6    00.0   04.2     22.2    14:29     SSW
26    24.5    29.4   12:39    20.0   04:25     00.0     06.2    00.0   04.2     24.1    16:25      SW
27    26.0    31.2   12:40    22.9   23:59     00.0     07.7    00.0   03.5     27.8    13:46      SW
28    25.1    30.0   14:14    21.0   06:22     00.0     06.8    00.0   04.0     22.2    15:43      S 
29    24.7    31.1   14:04    20.7   05:49     00.0     06.4    00.0   04.3     20.4    16:47     SSE
30    25.2    30.7   13:45    19.4   05:46     00.0     06.9    00.0   03.6     18.5    15:10     SSW
31    25.5    31.1   12:36    20.8   04:00     00.0     07.2    00.0   04.3     27.8    14:46     SSW
----------------------------------------------------------------------------------------------------------------------------------------------------------
24.5 (25.0)   35.1  day 05     15.7  day 16   000.0    191.0   060.9   04.3     27.8   day 23     SSW
Max >=  30: 17
Max <=   25: 1
Min <=   20: 12
Max Rain: 23.9 ON 13-08-15
Days of Rain: 8 (> .2mm) 5 (> 2mm) 1 (> 20mm)