MONTHLY CLIMATOLOGICAL SUMMARY for APR. 2015

NAME:    CITY:  STATE: 
ELEV:  LAT:  LONG: 

                            TEMPERATURE ( C), RAIN (mm), WIND SPEED (kmh)

                                               HEAT     COOL           AVG
      MEAN                                     DEG      DEG            WIND                       DOM
DAY   TEMP    HIGH   TIME     LOW    TIME      DAYS     DAYS    RAIN   SPEED    HIGH    TIME      DIR
----------------------------------------------------------------------------------------------------------------------------------------------------------
01    15.1    21.1   13:55    10.7   05:53     03.2     00.0    00.0   03.3     18.5    15:15     WNW
02    14.0    18.8   12:08    09.8   06:39     04.3     00.0    00.0   04.4     24.1    12:56     SSW
03    13.1    18.6   12:52    08.6   05:55     05.2     00.0    00.0   03.9     16.6    13:42     SSE
04    13.6    18.2   13:10    11.0   05:05     04.7     00.0    00.0   04.0     22.2    14:05     SSE
05    12.8    16.5   12:20    09.2   02:40     05.5     00.0    00.0   04.9     22.2    14:22     SSW
06    12.4    16.6   12:44    08.6   00:00     05.9     00.0    00.0   04.5     20.4    15:42      S 
07    11.4    16.8   12:13    07.4   05:17     06.9     00.0    00.0   04.3     31.4    13:30      S 
08    12.1    18.8   12:52    06.3   05:37     06.2     00.0    00.0   03.6     29.6    12:40      SW
09    11.4    18.4   12:41    05.3   06:29     06.9     00.0    00.0   03.8     22.2    16:41     SSE
10    12.7    18.1   13:05    07.6   02:42     05.6     00.0    00.0   04.1     22.2    10:23      S 
11    13.8    19.3   13:17    09.5   03:42     04.5     00.0    00.0   04.3     20.4    14:33      SE
12    15.5    20.5   12:16    11.2   06:00     02.8     00.0    00.0   03.5     22.2    13:53     SSW
13    15.9    21.5   13:57    10.0   04:11     02.4     00.0    00.0   03.7     22.2    14:43      S 
14    17.3    24.8   13:47    11.2   05:58     01.0     00.0    00.0   03.6     22.2    14:37      S 
15    16.1    22.6   13:58    10.5   06:45     02.2     00.0    00.0   03.8     20.4    14:01     NNE
16    16.7    21.1   14:27    14.5   04:10     01.6     00.0    00.9   03.7     24.1    11:17     SSW
17    16.3    21.9   12:12    11.7   05:36     02.0     00.0    00.0   04.3     25.9    12:57     SSW
18    17.4    23.5   13:44    12.2   05:19     00.9     00.0    00.0   03.8     24.1    14:03     SSW
19    15.3    20.3   11:46    12.9   05:21     03.0     00.0    05.3   04.2     27.8    12:20      SW
20    14.8    19.0   14:54    10.2   05:57     03.5     00.0    00.0   04.3     24.1    12:34     SSW
21    16.6    22.8   12:14    11.5   04:37     01.7     00.0    00.0   03.8     22.2    14:08     SSW
22    16.0    21.4   15:13    12.0   06:06     02.3     00.0    00.0   03.1     16.6    15:59      SW
23    16.4    21.2   11:43    11.0   05:19     01.9     00.0    00.0   04.3     25.9    13:19      S 
24    18.0    24.9   13:49    12.7   04:47     00.3     00.0    00.0   04.3     27.8    14:12      SW
25    17.6    21.1   13:32    15.4   05:40     00.7     00.0    00.0   03.9     20.4    12:42     SSW
26    16.7    20.6   12:20    13.8   23:42     01.6     00.0    14.6   03.8     22.2    20:38     SSW
27    16.1    21.6   14:59    13.0   06:17     02.2     00.0    02.1   04.6     37.0    15:17      W 
28    15.4    20.3   13:48    11.1   04:47     02.9     00.0    00.0   04.3     27.8    14:51     SSW
29    15.6    21.5   16:18    10.4   05:20     02.7     00.0    00.0   04.9     18.5    19:27      W 
30    17.3    23.4   14:51    12.0   04:57     01.0     00.0    00.0   04.8     25.9    13:17      SW
----------------------------------------------------------------------------------------------------------------------------------------------------------
15.2 (15.6)   24.9  day 24     05.3  day 09   097.1    000.0   022.9   04.1     37.0   day 27     SSW
Max <=   25: 31
Min <=   20: 31
Min <= 15: 30
Max Rain: 14.6 ON 26-04-15
Days of Rain: 4 (> .2mm) 3 (> 2mm) 0 (> 20mm)