MONTHLY CLIMATOLOGICAL SUMMARY for SEP. 2014

NAME:    CITY:  STATE: 
ELEV:  LAT:  LONG: 

                            TEMPERATURE ( C), RAIN (mm), WIND SPEED (kmh)

                                               HEAT     COOL           AVG
      MEAN                                     DEG      DEG            WIND                       DOM
DAY   TEMP    HIGH   TIME     LOW    TIME      DAYS     DAYS    RAIN   SPEED    HIGH    TIME      DIR
----------------------------------------------------------------------------------------------------------------------------------------------------------
01    23.4    27.2   12:09    20.6   06:24     00.0     05.1    00.0   03.8     27.8    13:19     SSW
02    23.4    28.3   14:07    20.5   06:54     00.0     05.1    00.0   03.5     20.4    15:06      S 
03    22.6    26.0   14:26    19.9   05:05     00.0     04.3    00.0   04.7     22.2    14:57      S 
04    22.6    24.5   17:03    20.4   04:25     00.0     04.3    00.3   03.1     12.9    14:39      NE
05    22.6    27.0   12:15    19.2   23:22     00.0     04.3    19.0   03.6     20.4    12:22      S 
06    23.4    29.5   15:37    18.7   04:22     00.0     05.1    00.0   02.7     16.6    16:31     SSW
07    24.4    29.7   15:34    20.2   06:33     00.0     06.1    00.0   02.8     20.4    13:46     SSW
08    24.5    29.0   16:22    21.6   07:04     00.0     06.2    01.8   04.2     20.4    13:06     SSW
09    23.1    29.4   11:43    18.9   00:00     00.0     04.8    01.2   04.1     20.4    14:32     ENE
10    23.3    28.8   13:33    17.9   05:56     00.0     05.0    00.0   03.5     22.2    14:40      S 
11    23.8    28.2   12:43    20.2   05:34     00.0     05.5    00.0   03.8     20.4    13:55      S 
12    22.8    26.5   13:57    19.5   06:23     00.0     04.5    00.0   03.9     22.2    16:17      S 
13    22.7    26.0   13:03    19.3   06:44     00.0     04.4    00.0   03.8     24.1    13:41      S 
14    22.4    26.3   11:33    18.9   23:30     00.0     04.1    02.8   03.4     20.4    22:16     ENE
15    21.9    26.8   15:49    17.8   04:37     00.0     03.6    00.3   04.3     22.2    13:40     SSE
16    22.8    27.5   14:30    18.7   06:28     00.0     04.5    00.0   04.0     20.4    14:59     SSE
17    22.7    28.6   15:09    19.0   04:32     00.0     04.4    00.6   03.9     18.5    01:24      NE
18    23.0    27.5   13:51    19.4   06:09     00.0     04.7    00.0   03.5     18.5    14:01     ESE
19    24.2    29.6   12:43    20.5   04:33     00.0     05.9    00.0   03.7     25.9    13:44     SSW
20    24.6    30.9   12:47    19.6   05:36     00.0     06.3    00.0   03.3     24.1    15:00      S 
21    23.1    28.6   14:41    20.1   04:43     00.0     04.8    00.0   03.3     14.8    16:44      S 
22    20.3    22.0   12:42    17.7   23:36     00.0     02.0    07.6   02.8     14.8    17:46      W 
23    18.7    21.4   12:46    16.9   23:29     00.0     00.4    03.7   03.5     16.6    14:59      SE
24    18.6    22.7   14:07    15.7   06:45     00.0     00.3    02.1   03.4     18.5    14:20     ENE
25    19.3    24.2   13:02    15.9   06:50     00.0     01.0    00.3   03.3     27.8    13:32      SW
26    18.5    23.6   12:35    14.9   06:30     00.0     00.2    00.0   03.5     20.4    13:46      S 
27    19.4    24.9   13:57    14.5   06:03     00.0     01.1    00.0   03.1     20.4    14:16      E 
28    19.3    20.8   09:37    18.5   05:24     00.0     01.0    72.7   03.7     20.4    08:30      NE
29    20.7    26.2   12:36    16.7   04:59     00.0     02.4    00.0   02.4     20.4    12:53     SSE
30    19.9    24.2   14:44    18.2   00:00     00.0     01.6    20.7   02.4     24.1    15:37     NNE
----------------------------------------------------------------------------------------------------------------------------------------------------------
22.1 (22.6)   30.9  day 20     14.5  day 27   000.0    113.1   135.6   03.5     27.8   day 30     SSE
Max >=  30: 1
Max <=   25: 9
Min <=   20: 22
Min <= 15: 2
Max Rain: 72.7 ON 28-09-14
Days of Rain: 13 (> .2mm) 7 (> 2mm) 2 (> 20mm)