MONTHLY CLIMATOLOGICAL SUMMARY for NOV. 2014

NAME:    CITY:  STATE: 
ELEV:  LAT:  LONG: 

                            TEMPERATURE ( C), RAIN (mm), WIND SPEED (kmh)

                                               HEAT     COOL           AVG
      MEAN                                     DEG      DEG            WIND                       DOM
DAY   TEMP    HIGH   TIME     LOW    TIME      DAYS     DAYS    RAIN   SPEED    HIGH    TIME      DIR
----------------------------------------------------------------------------------------------------------------------------------------------------------
01    18.0    21.8   13:29    15.1   00:00     00.3     00.0    00.0   02.4     12.9    14:34     WSW
02    17.2    22.3   13:40    13.2   06:14     01.1     00.0    00.0   02.5     16.6    16:27      SW
03    17.4    21.1   13:56    15.5   05:03     00.9     00.0    01.8   02.8     22.2    14:42      SW
04    14.8    18.5   01:45    10.3   00:00     03.5     00.0    22.0   04.2     20.4    13:44     WSW
05    11.9    17.0   14:12    09.1   06:45     06.4     00.0    00.0   03.7     18.5    15:48      W 
06    11.3    16.7   15:47    07.7   07:07     07.0     00.0    00.0   03.9     16.6    14:11      NW
07    13.6    20.5   14:56    07.4   04:53     04.7     00.0    00.0   03.2     16.6    12:13     NNW
08    14.0    16.5   15:59    12.0   00:00     04.3     00.0    00.0   02.6     11.1    22:31      SW
09    12.5    14.9   13:24    09.1   07:04     05.8     00.0    00.0   03.4     14.8    12:25     NNW
10    12.7    15.6   15:18    09.5   00:00     05.6     00.0    00.0   02.6     11.1    11:51     WSW
11    10.7    13.9   13:11    07.1   06:11     07.6     00.0    03.9   01.7     11.1    12:05     NNE
12    13.1    17.5   13:07    10.3   05:08     05.2     00.0    00.0   04.1     24.1    14:04     WSW
13    14.3    20.4   13:59    09.3   06:15     04.0     00.0    00.0   04.3     24.1    13:14     WSW
14    14.0    16.2   19:49    11.2   05:48     04.3     00.0    03.7   01.4     09.3    20:42     WNW
15    14.3    17.0   14:14    11.8   23:06     04.0     00.0    00.3   04.5     27.8    10:19     WSW
16    13.2    16.6   13:54    10.4   07:24     05.1     00.0    00.0   06.4     27.8    13:02     WSW
17    12.3    15.2   15:04    09.3   23:47     06.0     00.0    00.0   04.8     24.1    15:17     WSW
18    11.8    16.9   15:13    07.4   04:48     06.5     00.0    00.0   03.3     18.5    10:39     WSW
19    09.5    13.0   18:45    07.8   06:57     08.8     00.0    00.0   00.9     05.5    00:00      W 
20    13.6    18.3   15:06    09.8   06:57     04.7     00.0    00.0   02.2     09.3    20:26      NE
21    16.2    20.1   14:25    14.0   07:16     02.1     00.0    00.0   02.0     11.1    15:25      SW
22    16.6    19.5   14:55    14.6   05:52     01.7     00.0    00.0   02.3     12.9    19:53      NE
23    17.5    20.6   14:19    14.6   04:01     00.8     00.0    00.0   04.7     18.5    09:10     NNE
24    17.3    19.6   13:54    15.2   00:00     01.0     00.0    00.0   03.9     20.4    02:52      NE
25    16.1    18.3   15:15    14.7   02:19     02.2     00.0    03.1   01.6     09.3    23:48      NE
26    14.8    17.9   15:01    12.4   23:53     03.5     00.0    10.0   01.7     12.9    11:45     WNW
27    13.1    16.0   14:54    10.6   06:12     05.2     00.0    05.2   02.4     12.9    17:12      NE
28    16.5    18.0   12:26    14.5   00:07     01.8     00.0    00.3   04.0     27.8    03:21     WSW
29    16.1    17.8   06:26    14.8   23:07     02.2     00.0    35.7   05.1     25.9    00:01     NNW
30    15.1    18.1   13:57    11.5   18:33     03.2     00.0    29.3   09.6     50.0    14:21     NNE
----------------------------------------------------------------------------------------------------------------------------------------------------------
14.3 (14.6)   22.3  day 02     07.1  day 11   119.3    000.0   119.5   03.4     50.0   day 30     WNW
Max <=   25: 30
Min <=   20: 30
Min <= 15: 27
Max Rain: 35.7 ON 29-11-14
Days of Rain: 11 (> .2mm) 8 (> 2mm) 3 (> 20mm)