MONTHLY CLIMATOLOGICAL SUMMARY for AUG. 2014

NAME:    CITY:  STATE: 
ELEV:  LAT:  LONG: 

                            TEMPERATURE ( C), RAIN (mm), WIND SPEED (kmh)

                                               HEAT     COOL           AVG
      MEAN                                     DEG      DEG            WIND                       DOM
DAY   TEMP    HIGH   TIME     LOW    TIME      DAYS     DAYS    RAIN   SPEED    HIGH    TIME      DIR
----------------------------------------------------------------------------------------------------------------------------------------------------------
01    24.4    30.7   13:15    21.1   03:11     00.0     06.1    00.3   03.9     20.4    12:14      NW
02    23.2    29.4   12:04    20.7   05:21     00.0     04.9    02.1   04.1     20.4    12:20     NNW
03    23.6    27.4   15:13    19.4   05:42     00.0     05.3    00.0   04.8     24.1    15:22      S 
04    24.5    29.4   12:27    20.1   04:55     00.0     06.2    00.0   04.5     24.1    14:12     SSE
05    24.2    27.9   11:24    20.5   05:18     00.0     05.9    00.0   04.6     24.1    14:12      S 
06    24.1    29.6   12:32    19.8   05:16     00.0     05.8    24.4   03.9     24.1    13:16     SSW
07    25.6    30.9   13:37    21.7   05:34     00.0     07.3    00.0   03.9     27.8    13:58      S 
08    25.8    31.5   14:11    21.4   05:16     00.0     07.5    00.0   04.2     20.4    13:26     SSW
09    25.3    30.1   14:38    21.1   05:55     00.0     07.0    00.0   04.9     20.4    12:26     ENE
10    26.5    32.4   14:54    21.3   04:51     00.0     08.2    00.0   04.4     24.1    13:36      S 
11    25.4    30.7   10:51    22.4   22:16     00.0     07.1    00.0   04.7     24.1    15:53      S 
12    23.6    26.2   17:47    21.1   05:37     00.0     05.3    00.0   04.2     22.2    14:11     SSW
13    24.2    29.6   10:02    20.6   00:00     00.0     05.9    00.0   05.2     27.8    12:56     SSW
14    22.5    27.3   13:16    19.1   06:03     00.0     04.2    00.0   05.2     24.1    14:44      SW
15    21.4    24.6   11:30    18.8   05:15     00.0     03.1    00.0   05.6     27.8    12:14      SE
16    21.3    25.6   14:58    18.7   06:00     00.0     03.0    00.0   05.5     20.4    16:54      SW
17    23.1    27.9   13:19    18.9   04:58     00.0     04.8    00.0   05.1     24.1    13:37      SW
18    24.2    29.5   12:17    20.8   04:29     00.0     05.9    00.0   04.5     22.2    13:27      SW
19    22.9    26.5   13:12    19.4   06:02     00.0     04.6    00.0   04.9     25.9    12:03      S 
20    22.3    24.9   15:45    20.7   23:53     00.0     04.0    00.0   04.3     20.4    14:06     SSE
21    21.7    24.9   15:59    20.0   07:02     00.0     03.4    00.0   04.2     20.4    15:22     ESE
22    20.0    22.6   11:40    16.8   20:16     00.0     01.7    35.1   04.4     22.2    18:45     NNE
23    21.2    26.3   14:48    17.0   00:21     00.0     02.9    00.9   04.1     18.5    15:26     SSW
24    23.1    27.7   15:13    19.7   06:06     00.0     04.8    00.0   03.3     20.4    13:24     SSW
25    25.0    30.3   14:39    21.2   05:44     00.0     06.7    00.0   04.0     20.4    14:44      SW
26    25.7    34.6   12:53    20.8   06:15     00.0     07.4    00.0   04.5     25.9    14:16     SSW
27    24.4    28.3   10:58    21.5   00:00     00.0     06.1    00.0   04.2     24.1    13:52      S 
28    24.5    29.2   12:18    20.3   05:47     00.0     06.2    00.0   04.2     24.1    12:28      S 
29    24.2    28.9   13:06    21.0   05:50     00.0     05.9    00.0   03.6     20.4    13:42     SSE
30    23.6    29.3   13:11    20.0   04:52     00.0     05.3    00.0   03.9     24.1    14:33      S 
31    24.2    29.8   12:36    20.1   05:58     00.0     05.9    00.0   03.6     29.6    14:13     SSW
----------------------------------------------------------------------------------------------------------------------------------------------------------
23.7 (24.4)   34.6  day 26     16.8  day 22   000.0    168.2   070.7   04.4     29.6   day 31     SSW
Max >=  30: 8
Max <=   25: 4
Min <=   20: 12
Max Rain: 35.1 ON 22-08-14
Days of Rain: 5 (> .2mm) 3 (> 2mm) 2 (> 20mm)