MONTHLY CLIMATOLOGICAL SUMMARY for APR. 2014

NAME:    CITY:  STATE: 
ELEV:  LAT:  LONG: 

                            TEMPERATURE ( C), RAIN (mm), WIND SPEED (kmh)

                                               HEAT     COOL           AVG
      MEAN                                     DEG      DEG            WIND                       DOM
DAY   TEMP    HIGH   TIME     LOW    TIME      DAYS     DAYS    RAIN   SPEED    HIGH    TIME      DIR
----------------------------------------------------------------------------------------------------------------------------------------------------------
01    13.7    19.3   12:54    09.5   05:52     04.6     00.0    00.0   03.8     16.6    17:52      SW
02    14.3    17.7   13:22    10.1   04:37     04.0     00.0    00.0   05.9     24.1    10:25     NNE
03    13.6    16.4   10:57    11.9   22:11     04.7     00.0    29.7   05.8     25.9    12:17     NNE
04    15.9    21.5   16:24    11.9   00:54     02.4     00.0    01.3   05.6     24.1    10:55      W 
05    15.5    22.3   12:15    09.6   06:18     02.8     00.0    00.0   04.3     22.2    14:02     SSW
06    16.6    22.6   13:52    11.3   05:50     01.7     00.0    00.0   03.6     20.4    14:07      SW
07    18.1    25.3   14:45    11.9   06:11     00.2     00.0    00.0   04.0     16.6    17:33      SW
08    16.5    20.7   14:34    13.2   06:47     01.8     00.0    00.0   03.7     27.8    12:41     SSW
09    17.0    23.1   13:47    11.8   06:14     01.3     00.0    00.0   04.4     20.4    12:34      SW
10    16.9    21.2   11:55    12.0   05:36     01.4     00.0    00.0   04.5     22.2    13:00     SSW
11    17.4    23.1   12:56    14.3   05:42     00.9     00.0    03.5   04.9     27.8    15:38     SSW
12    16.2    20.5   14:45    13.3   02:54     02.1     00.0    00.0   03.4     18.5    12:27     SSW
13    18.0    25.3   14:30    12.7   05:48     00.3     00.0    00.0   03.4     20.4    11:37      SW
14    18.3    23.7   14:57    13.7   05:59     00.0     00.0    00.0   04.3     22.2    12:15      SW
15    18.2    22.6   13:48    13.9   04:41     00.1     00.0    00.0   03.9     24.1    14:18      S 
16    15.8    21.0   10:58    12.5   00:00     02.5     00.0    00.0   04.8     27.8    13:09      S 
17    15.4    20.1   15:15    11.3   06:23     02.9     00.0    00.0   04.6     24.1    15:19      S 
18    17.9    25.3   15:00    11.9   05:20     00.4     00.0    00.0   03.9     25.9    14:17      S 
19    14.9    17.5   10:44    12.0   05:52     03.4     00.0    00.0   04.7     22.2    14:54      S 
20    13.2    16.7   15:38    10.4   03:50     05.1     00.0    03.4   04.3     20.4    13:03      NE
21    14.2    17.9   15:17    11.3   06:08     04.1     00.0    03.3   04.8     22.2    15:34      E 
22    14.8    18.8   13:38    12.6   00:00     03.5     00.0    08.3   03.2     20.4    12:28      NE
23    17.7    24.5   15:18    11.2   05:07     00.6     00.0    00.0   04.7     25.9    13:00     WSW
24    17.6    22.8   13:36    13.6   05:44     00.7     00.0    00.0   05.1     22.2    12:19     SSW
25    16.0    21.6   14:07    12.2   00:00     02.3     00.0    00.0   05.9     22.2    12:54     WNW
26    16.5    22.4   15:36    10.5   05:00     01.8     00.0    00.0   06.2     24.1    16:41     WSW
27    16.1    22.2   15:11    11.6   05:51     02.2     00.0    00.0   06.4     24.1    16:17     WSW
28    15.5    22.1   14:07    11.9   06:01     02.8     00.0    00.0   04.9     24.1    14:29     WNW
29    14.8    18.9   10:20    10.1   06:17     03.5     00.0    00.0   04.0     22.2    12:25      S 
30    16.1    20.6   12:28    12.0   05:21     02.2     00.0    00.0   04.6     27.8    13:30      S 
----------------------------------------------------------------------------------------------------------------------------------------------------------
16.1 (16.6)   25.3  day 18     09.5  day 01   066.3    000.0   051.8   04.6     27.8   day 18      SW
Max <=   25: 27
Min <=   20: 30
Min <= 15: 30
Max Rain: 29.7 ON 3-04-14
Days of Rain: 6 (> .2mm) 5 (> 2mm) 1 (> 20mm)