MONTHLY CLIMATOLOGICAL SUMMARY for NOV. 2013

NAME:    CITY:  STATE: 
ELEV:  LAT:  LONG: 

                            TEMPERATURE ( C), RAIN (mm), WIND SPEED (kmh)

                                               HEAT     COOL           AVG
      MEAN                                     DEG      DEG            WIND                       DOM
DAY   TEMP    HIGH   TIME     LOW    TIME      DAYS     DAYS    RAIN   SPEED    HIGH    TIME      DIR
----------------------------------------------------------------------------------------------------------------------------------------------------------
01    15.3    21.9   13:26    10.6   06:42     03.0     00.0    00.0   03.1     14.8    14:53     WSW
02    19.1    25.0   15:03    15.6   07:39     00.0     00.8    00.0   04.3     20.4    11:59     WSW
03    16.5    19.8   10:36    13.8   06:18     01.8     00.0    00.0   03.5     24.1    13:04      S 
04    15.8    18.3   15:17    14.1   04:35     02.5     00.0    00.0   07.0     33.3    15:19     WSW
05    17.0    24.4   14:25    12.5   07:06     01.3     00.0    00.0   04.6     27.8    11:51      W 
06    18.8    24.4   12:31    14.7   02:47     00.0     00.5    00.0   03.0     22.2    12:42     SSW
07    17.3    22.1   14:40    13.8   07:21     01.0     00.0    00.0   02.4     14.8    13:06     SSW
08    18.1    23.5   13:19    14.4   03:39     00.2     00.0    00.0   03.9     22.2    14:06     WSW
09    15.2    18.2   14:49    12.7   08:48     03.1     00.0    00.0   04.7     20.4    15:52     WSW
10    15.4    20.1   14:42    11.4   07:57     02.9     00.0    00.0   03.7     25.9    09:17      W 
11    13.9    19.8   12:19    09.2   06:38     04.4     00.0    00.0   03.6     22.2    12:26     ESE
12    14.7    22.1   13:58    09.1   05:02     03.6     00.0    00.0   02.3     12.9    13:05     NNW
13    16.3    20.6   14:40    13.7   06:12     02.0     00.0    00.0   02.7     12.9    08:19     WSW
14    14.6    20.8   14:22    10.5   23:52     03.7     00.0    00.0   03.9     20.4    12:08      W 
15    10.6    15.5   12:48    07.0   23:49     07.7     00.0    00.0   04.5     22.2    14:15      N 
16    11.0    14.5   09:23    07.0   01:45     07.3     00.0    11.7   08.8     53.6    08:51     NNE
17    12.3    14.2   13:57    10.9   08:00     06.0     00.0    42.0   07.7     35.1    19:47     NNE
18    12.5    13.0   00:00    12.1   17:46     05.8     00.0    43.1   06.1     25.9    00:30     NNE
19    13.2    17.1   12:44    10.3   00:00     05.1     00.0    00.0   04.3     20.4    14:25     WSW
20    09.3    11.8   14:49    06.7   00:00     09.0     00.0    00.0   04.5     22.2    11:57     WNW
21    09.0    12.4   14:56    06.7   00:13     09.3     00.0    00.0   07.6     37.0    09:03     WSW
22    08.6    12.3   12:31    06.0   05:56     09.7     00.0    00.0   04.6     24.1    13:10      W 
23    06.5    12.7   13:24    02.7   07:31     11.8     00.0    00.0   03.0     14.8    15:04     NNE
24    08.0    13.8   13:04    05.2   00:07     10.3     00.0    00.0   03.1     20.4    13:41      NW
25    08.2    12.9   14:44    04.8   04:53     10.1     00.0    00.0   03.7     14.8    04:10     NNW
26    07.1    12.2   15:02    02.4   06:35     11.2     00.0    00.0   03.8     14.8    04:56     WNW
27    05.5    09.9   13:18    02.7   07:45     12.8     00.0    00.0   04.2     24.1    14:46     NNE
28    06.3    12.3   14:37    02.4   06:48     12.0     00.0    00.0   03.2     12.9    14:24     NNW
29    05.6    11.4   14:54    01.5   07:32     12.7     00.0    00.0   03.0     14.8    13:46      W 
30    05.8    09.5   13:24    04.1   01:09     12.5     00.0    00.3   03.9     27.8    14:16     NNE
----------------------------------------------------------------------------------------------------------------------------------------------------------
12.2 (12.9)   25.0  day 02     01.5  day 29   183.0    001.3   097.1   04.3     53.7   day 16     WNW
Max <=   25: 30
Min <=   20: 30
Min <= 15: 29
Max Rain: 43.1 ON 18-11-13
Days of Rain: 4 (> .2mm) 3 (> 2mm) 2 (> 20mm)