MONTHLY CLIMATOLOGICAL SUMMARY for MAR. 2013

NAME:    CITY:  STATE: 
ELEV:  LAT:  LONG: 

                            TEMPERATURE ( C), RAIN (mm), WIND SPEED (kmh)

                                               HEAT     COOL           AVG
      MEAN                                     DEG      DEG            WIND                       DOM
DAY   TEMP    HIGH   TIME     LOW    TIME      DAYS     DAYS    RAIN   SPEED    HIGH    TIME      DIR
----------------------------------------------------------------------------------------------------------------------------------------------------------
01    08.1    11.7   19:51    06.9   23:59     10.2     00.0    01.6   11.8     46.3    16:26     NNE
02    10.6    17.6   14:42    06.3   05:39     07.7     00.0    00.0   03.7     20.4    15:32      SW
03    10.3    17.2   13:33    04.8   07:13     08.0     00.0    00.0   03.2     16.6    16:20      S 
04    09.8    12.5   12:41    05.3   07:14     08.5     00.0    03.4   04.9     25.9    22:25      N 
05    12.2    13.0   16:01    11.4   00:10     06.1     00.0    36.4   06.6     29.6    14:58     NNW
06    13.2    16.1   16:55    10.7   23:43     05.1     00.0    16.0   04.4     27.8    01:42     NNW
07    15.3    20.7   12:14    10.6   01:41     03.0     00.0    00.0   04.8     24.1    14:56      SW
08    16.2    20.5   15:46    13.2   06:27     02.1     00.0    00.0   07.6     31.4    14:11     WSW
09    15.3    19.6   14:01    12.1   07:00     03.0     00.0    00.0   06.7     33.3    15:04     WSW
10    14.7    18.5   12:50    11.0   01:56     03.6     00.0    00.0   07.0     27.8    14:35     WSW
11    13.3    17.1   13:13    10.3   07:05     05.0     00.0    00.0   06.7     31.4    15:16     WSW
12    11.9    15.4   12:53    07.6   00:00     06.4     00.0    00.0   05.9     24.1    14:05     WSW
13    06.3    08.8   08:56    04.4   14:58     12.0     00.0    17.2   04.0     18.5    07:19     NNW
14    07.3    12.0   15:31    01.6   06:43     11.0     00.0    00.0   05.7     37.0    13:35      NW
15    07.1    12.4   14:39    01.8   06:52     11.2     00.0    00.0   04.0     33.3    13:04      S 
16    08.8    13.3   12:48    03.5   07:02     09.5     00.0    00.0   04.2     22.2    16:46      SW
17    11.4    13.7   15:31    09.6   07:12     06.9     00.0    01.3   02.4     12.9    15:38     WSW
18    11.9    15.2   15:52    09.2   07:52     06.4     00.0    00.6   07.7     42.5    15:41     WSW
19    10.9    16.3   15:03    05.7   06:18     07.4     00.0    00.0   03.9     20.4    15:46      S 
20    11.9    17.3   14:03    08.0   06:03     06.4     00.0    02.5   05.1     24.1    12:36     WSW
21    12.6    19.9   13:48    06.3   06:29     05.7     00.0    00.0   05.1     24.1    15:17     WSW
22    13.1    20.2   14:15    07.7   06:13     05.2     00.0    00.0   03.9     20.4    14:47      SW
23    12.3    16.6   12:35    08.9   03:52     06.0     00.0    00.0   03.5     20.4    13:04      SE
24    12.1    16.3   12:12    09.3   07:05     06.2     00.0    05.3   03.3     14.8    17:12      S 
25    13.5    19.6   14:44    08.4   06:14     04.8     00.0    00.6   05.8     31.4    17:15     WSW
26    12.7    16.4   14:29    09.9   06:50     05.6     00.0    00.0   04.2     27.8    15:23     SSW
27    12.2    15.6   15:03    10.8   07:37     06.1     00.0    00.4   03.5     14.8    17:05     ESE
28    15.5    22.0   15:38    11.0   06:19     02.8     00.0    00.0   04.9     27.8    15:25      W 
29    15.9    20.3   11:50    12.3   03:41     02.4     00.0    01.2   05.8     22.2    10:51     WSW
30    15.4    20.4   13:29    10.7   23:45     02.9     00.0    00.0   06.9     29.6    11:34      W 
31    10.8    12.0   00:19    09.2   04:18     07.5     00.0    00.0   04.9     14.8    01:36     WSW
----------------------------------------------------------------------------------------------------------------------------------------------------------
12.0 (12.4)   22.0  day 28     01.6  day 14   194.6    000.0   087.7   05.2     46.3   day 01      W 
Max <=   25: 31
Min <=   20: 31
Min <= 15: 31
Max Rain: 36.4 ON 5-03-15
Days of Rain: 12 (> .2mm) 6 (> 2mm) 1 (> 20mm)