MONTHLY CLIMATOLOGICAL SUMMARY for JUN. 2013

NAME:    CITY:  STATE: 
ELEV:  LAT:  LONG: 

                            TEMPERATURE ( C), RAIN (mm), WIND SPEED (kmh)

                                               HEAT     COOL           AVG
      MEAN                                     DEG      DEG            WIND                       DOM
DAY   TEMP    HIGH   TIME     LOW    TIME      DAYS     DAYS    RAIN   SPEED    HIGH    TIME      DIR
----------------------------------------------------------------------------------------------------------------------------------------------------------
01    20.6    28.2   15:43    13.8   23:51     00.0     02.3    00.0   05.3     25.9    14:27     WNW
02    19.4    24.9   11:47    14.7   05:24     00.0     01.1    00.0   05.0     24.1    13:16      SW
03    17.8    22.0   10:29    13.6   04:21     00.5     00.0    00.0   05.0     27.8    13:29      S 
04    19.3    25.0   13:50    13.8   04:48     00.0     01.0    00.0   04.6     24.1    13:27     SSW
05    19.0    25.1   14:55    13.9   04:25     00.0     00.7    00.6   03.8     20.4    14:43      SW
06    19.4    23.8   13:53    14.5   05:49     00.0     01.1    00.0   04.3     25.9    13:36      S 
07    20.9    26.8   12:22    15.7   03:39     00.0     02.6    00.0   04.0     22.2    12:35     SSW
08    17.3    21.8   13:19    13.0   09:15     01.0     00.0    26.0   04.3     22.2    15:33     WSW
09    17.5    20.7   14:05    13.3   05:13     00.8     00.0    00.0   05.8     24.1    14:57     WSW
10    18.7    23.3   13:00    13.7   04:31     00.0     00.4    00.0   04.9     24.1    12:06     SSW
11    20.4    24.7   15:09    14.8   04:50     00.0     02.1    00.0   04.2     24.1    12:48      S 
12    22.8    27.9   14:52    18.1   04:02     00.0     04.5    00.0   03.9     22.2    12:09     SSW
13    24.6    31.7   13:20    18.9   05:17     00.0     06.3    00.0   04.0     24.1    13:38      SW
14    24.2    29.8   14:25    19.2   03:55     00.0     05.9    00.0   04.5     22.2    14:26      SW
15    23.8    29.0   14:11    19.2   04:53     00.0     05.5    00.0   04.3     22.2    14:29      S 
16    23.9    29.8   13:48    18.5   04:41     00.0     05.6    00.0   04.7     20.4    13:21      SE
17    23.8    30.4   12:01    19.2   05:03     00.0     05.5    00.0   05.3     29.6    13:52     NNE
18    22.0    25.2   11:30    20.2   00:00     00.0     03.7    00.3   05.0     25.9    12:19      N 
19    21.8    26.2   16:45    17.3   05:48     00.0     03.5    00.3   05.4     20.4    17:42     WSW
20    21.6    26.5   16:11    17.8   05:14     00.0     03.3    00.0   04.9     20.4    11:05      W 
21    20.5    26.1   15:05    16.0   03:50     00.0     02.2    00.7   04.5     20.4    12:41     NNE
22    21.2    26.2   15:56    15.9   03:17     00.0     02.9    00.0   04.9     29.6    12:34     SSW
23    19.7    24.4   10:37    16.8   04:23     00.0     01.4    00.0   04.7     24.1    12:30      SE
24    19.2    23.4   11:50    15.0   05:56     00.0     00.9    00.0   05.5     20.4    16:54     SSW
25    20.0    24.0   15:13    16.6   05:14     00.0     01.7    00.0   05.0     24.1    13:55      S 
26    20.2    24.1   12:57    16.1   03:31     00.0     01.9    00.0   05.0     27.8    14:06     SSW
27    20.6    25.3   10:35    16.7   04:51     00.0     02.3    00.3   04.7     31.5    14:01     SSW
28    21.3    26.3   12:49    17.8   03:36     00.0     03.0    00.0   04.2     20.4    12:31     SSW
29    22.0    26.5   17:27    17.3   03:10     00.0     03.7    00.0   04.6     24.1    15:33      S 
30    21.9    26.9   14:51    17.9   04:46     00.0     03.6    00.0   05.0     24.1    12:21      S 
----------------------------------------------------------------------------------------------------------------------------------------------------------
20.8 (21.1)   31.7  day 13     13.0  day 08   002.2    078.5   028.2   04.7     31.5   day 24     SSW
Max >=  30: 2
Max <=   25: 12
Min <=   20: 29
Min <= 15: 11
Max Rain: 26.0 ON 8-06-13
Days of Rain: 6 (> .2mm) 1 (> 2mm) 1 (> 20mm)