MONTHLY CLIMATOLOGICAL SUMMARY for JUL. 2013

NAME:    CITY:  STATE: 
ELEV:  LAT:  LONG: 

                            TEMPERATURE ( C), RAIN (mm), WIND SPEED (kmh)

                                               HEAT     COOL           AVG
      MEAN                                     DEG      DEG            WIND                       DOM
DAY   TEMP    HIGH   TIME     LOW    TIME      DAYS     DAYS    RAIN   SPEED    HIGH    TIME      DIR
----------------------------------------------------------------------------------------------------------------------------------------------------------
01    22.6    27.1   14:17    19.0   05:36     00.0     04.3    00.0   04.1     22.2    12:17      SW
02    21.8    26.2   11:13    18.8   05:53     00.0     03.5    00.0   04.7     22.2    15:16      S 
03    22.3    25.8   11:39    18.1   04:57     00.0     04.0    00.0   05.1     27.8    13:34      S 
04    23.1    26.5   09:43    20.4   05:08     00.0     04.8    00.0   04.9     27.8    14:22      S 
05    23.9    27.5   11:30    19.2   04:46     00.0     05.6    00.0   04.7     27.8    13:44      S 
06    25.4    29.1   15:45    21.0   04:20     00.0     07.1    00.0   04.3     25.9    13:01      S 
07    26.2    30.4   15:44    21.6   05:17     00.0     07.9    00.0   04.8     27.8    13:21      S 
08    26.0    30.2   12:54    22.8   04:47     00.0     07.7    00.0   03.9     24.1    14:05     SSW
09    26.1    31.7   15:11    20.5   04:54     00.0     07.8    00.0   04.5     27.8    12:02     SSW
10    26.0    32.1   12:23    20.6   05:15     00.0     07.7    00.0   04.7     27.8    15:19      SW
11    23.3    28.9   10:44    20.4   23:43     00.0     05.0    00.9   04.0     27.8    13:14     NNE
12    25.5    30.8   16:19    19.8   04:25     00.0     07.2    00.0   04.5     25.9    14:02      S 
13    26.8    32.1   13:24    21.7   04:41     00.0     08.5    00.0   04.8     27.8    14:20      SW
14    25.7    30.0   10:38    21.4   05:07     00.0     07.4    00.0   05.1     27.8    12:09      S 
15    26.2    32.1   15:00    20.3   03:40     00.0     07.9    00.0   04.3     27.8    12:02      S 
16    27.4    34.0   15:08    21.9   05:03     00.0     09.1    00.0   04.7     27.8    14:07      SW
17    26.4    30.9   11:56    23.4   02:06     00.0     08.1    00.0   04.6     24.1    15:34      S 
18    24.4    31.5   12:43    20.0   05:32     00.0     06.1    05.4   05.0     29.6    13:01     NNE
19    25.1    30.9   13:15    20.2   04:49     00.0     06.8    00.0   04.3     24.1    12:48     SSW
20    24.5    30.1   12:40    20.8   22:40     00.0     06.2    06.9   04.6     24.1    13:16     SSW
21    24.8    30.1   12:51    19.8   04:51     00.0     06.5    00.0   04.3     27.8    14:11     SSW
22    26.6    31.9   15:52    21.2   05:37     00.0     08.3    00.0   04.4     24.1    14:52     SSW
23    27.0    33.8   12:41    21.2   06:20     00.0     08.7    00.0   04.8     27.8    18:07      SW
24    27.6    34.3   13:42    22.2   05:09     00.0     09.3    00.0   04.8     22.2    15:18      SW
25    28.0    34.6   14:17    22.2   05:42     00.0     09.7    00.0   04.4     20.4    15:38      SW
26    27.5    33.3   12:08    21.5   05:18     00.0     09.2    00.0   04.4     20.4    11:35     SSE
27    27.3    32.3   13:01    22.9   04:05     00.0     09.0    00.0   05.4     22.2    14:57     SSE
28    28.3    35.5   14:16    22.9   04:50     00.0     10.0    00.0   04.8     22.2    16:17      SW
29    24.4    29.3   11:53    20.1   01:48     00.0     06.1    02.3   05.4     33.3    14:16     SSW
30    25.3    30.6   16:38    19.9   05:17     00.0     07.0    00.0   04.5     27.8    12:07     SSW
31    26.3    31.7   15:09    21.2   05:02     00.0     08.0    00.0   04.9     24.1    14:41      S 
----------------------------------------------------------------------------------------------------------------------------------------------------------
25.5 (25.8)   35.5  day 28     18.1  day 03   000.0    224.7   015.5   04.6     33.3   day 29     SSW
Max >=  30: 23
Min <=   20: 8
Max Rain: 6.9 ON 20-07-13
Days of Rain: 4 (> .2mm) 3 (> 2mm) 0 (> 20mm)