MONTHLY CLIMATOLOGICAL SUMMARY for FEB. 2013

NAME:    CITY:  STATE: 
ELEV:  LAT:  LONG: 

                            TEMPERATURE ( C), RAIN (mm), WIND SPEED (kmh)

                                               HEAT     COOL           AVG
      MEAN                                     DEG      DEG            WIND                       DOM
DAY   TEMP    HIGH   TIME     LOW    TIME      DAYS     DAYS    RAIN   SPEED    HIGH    TIME      DIR
----------------------------------------------------------------------------------------------------------------------------------------------------------
01    14.5    19.0   12:38    10.3   03:15     03.8     00.0    00.0   06.3     24.1    11:04     WSW
02    11.7    14.9   00:10    07.3   00:00     06.6     00.0    00.0   07.9     35.2    14:25      W 
03    09.4    13.7   13:25    06.7   06:38     08.9     00.0    00.0   07.9     48.1    08:41      NW
04    09.8    16.2   15:31    05.1   07:21     08.5     00.0    00.0   04.5     20.4    13:33      W 
05    11.8    17.5   14:00    06.3   08:09     06.5     00.0    00.0   04.9     25.9    23:59     WSW
06    09.1    12.5   15:12    06.1   06:35     09.2     00.0    00.0   08.3     27.8    14:38      W 
07    07.3    10.8   15:13    04.3   03:53     11.0     00.0    00.0   06.5     46.3    12:43     NNW
08    05.8    08.7   14:56    03.2   07:02     12.5     00.0    00.0   03.6     14.8    03:24     NNE
09    05.7    10.2   16:03    01.0   08:26     12.6     00.0    00.0   04.2     27.8    13:07     SSW
10    08.1    13.8   14:55    03.0   07:39     10.2     00.0    00.0   04.1     18.5    14:28     WSW
11    08.4    11.2   14:47    05.8   08:26     09.9     00.0    00.0   07.0     31.5    21:30      W 
12    09.0    14.0   15:44    05.2   07:21     09.3     00.0    00.0   06.6     31.5    02:55      W 
13    08.3    14.6   13:28    04.2   06:51     10.0     00.0    00.0   03.8     24.1    14:07     SSW
14    09.8    15.3   13:47    05.2   06:03     08.5     00.0    00.0   03.4     24.1    13:55      SW
15    10.7    15.0   14:43    07.4   06:16     07.6     00.0    00.0   03.8     22.2    15:33      SW
16    11.5    14.4   15:41    09.4   00:00     06.8     00.0    00.0   03.3     14.8    15:58      SW
17    10.6    13.7   15:22    08.8   07:01     07.7     00.0    00.0   03.5     14.8    16:25      E 
18    10.8    14.4   13:58    09.1   07:27     07.5     00.0    00.0   03.8     20.4    12:52     NNE
19    09.9    13.9   14:57    06.8   00:00     08.4     00.0    00.0   04.3     18.5    15:43      NE
20    10.1    16.9   14:39    05.3   03:11     08.2     00.0    00.0   03.3     16.7    16:00      SW
21    09.2    13.7   13:46    05.7   06:45     09.1     00.0    00.0   03.3     20.4    14:06      E 
22    05.7    09.4   00:37    02.7   00:00     12.6     00.0    01.3   05.6     16.7    21:11     NNE
23    03.7    08.8   16:19    00.6   07:38     14.6     00.0    07.5   04.8     24.1    14:37      NW
24    04.4    11.0   15:04    00.6   06:34     13.9     00.0    00.0   06.1     27.8    16:12      W 
25    03.6    09.2   14:22    00.9   07:12     14.7     00.0    00.0   03.9     22.2    16:12     ENE
26    05.3    11.4   14:39    00.2   07:41     13.0     00.0    00.0   03.6     20.4    15:46      SW
27    06.5    11.7   14:46    01.1   06:04     11.8     00.0    00.3   03.4     20.4    23:28     NNE
28    07.2    09.8   14:59    04.9   06:18     11.1     00.0    03.8   10.4     40.7    19:21     NNE
----------------------------------------------------------------------------------------------------------------------------------------------------------
08.5 (9.0)   19.0  day 01     00.2  day 26   274.5    000.0   012.9   05.1     48.1   day 07     WNW
Max <=   25: 28
Min <=   20: 28
Min <= 15: 28
Max Rain: 7.5 ON 23-02-13
Days of Rain: 8 (> .2mm) 6 (> 2mm) 0 (> 20mm)