MONTHLY CLIMATOLOGICAL SUMMARY for APR. 2013

NAME:    CITY:  STATE: 
ELEV:  LAT:  LONG: 

                            TEMPERATURE ( C), RAIN (mm), WIND SPEED (kmh)

                                               HEAT     COOL           AVG
      MEAN                                     DEG      DEG            WIND                       DOM
DAY   TEMP    HIGH   TIME     LOW    TIME      DAYS     DAYS    RAIN   SPEED    HIGH    TIME      DIR
----------------------------------------------------------------------------------------------------------------------------------------------------------
01    12.0    17.7   14:55    10.0   00:00     06.3     00.0    00.6   04.8     22.2    15:45      N 
02    13.2    19.9   16:13    09.0   05:35     05.1     00.0    00.0   05.3     22.2    17:10      W 
03    11.7    15.9   14:31    07.4   06:44     06.6     00.0    00.0   04.6     22.2    12:26     SSE
04    12.4    16.3   12:27    10.5   06:01     05.9     00.0    07.3   04.0     24.1    14:28     ENE
05    09.2    11.2   11:03    06.5   00:00     09.1     00.0    02.8   03.9     16.7    14:04     WNW
06    08.6    13.0   12:07    05.1   06:17     09.7     00.0    00.4   03.8     20.4    14:32      W 
07    11.5    17.8   13:28    06.3   05:44     06.8     00.0    00.0   05.1     22.2    17:31     WSW
08    13.5    19.1   14:49    09.5   00:00     04.8     00.0    00.0   06.1     25.9    16:10     WSW
09    15.3    21.5   14:18    09.3   01:07     03.0     00.0    00.0   06.9     31.5    14:44     WSW
10    16.2    21.9   16:27    11.4   06:24     02.1     00.0    00.0   05.5     24.1    15:28     WSW
11    19.6    24.7   13:35    14.5   02:40     00.0     01.3    00.0   06.6     22.2    17:04      SW
12    17.3    22.3   14:46    11.9   06:03     01.0     00.0    00.0   06.0     27.8    13:11     WSW
13    15.8    22.0   15:35    11.1   06:10     02.5     00.0    00.0   04.1     20.4    16:31      S 
14    16.4    22.2   13:04    11.2   04:53     01.9     00.0    00.0   04.3     24.1    13:38      S 
15    17.5    22.3   14:26    11.7   05:47     00.8     00.0    00.0   04.1     22.2    12:58     SSW
16    18.5    24.1   12:08    13.2   06:38     00.0     00.2    00.0   03.4     16.7    15:16     SSE
17    19.8    25.6   14:03    14.6   06:05     00.0     01.5    00.0   03.5     18.5    14:30      S 
18    16.6    20.9   10:54    12.4   06:21     01.7     00.0    00.0   04.6     22.2    16:15      S 
19    14.6    20.4   11:11    10.9   21:24     03.7     00.0    00.0   04.1     18.5    14:27     WNW
20    13.8    20.3   14:29    07.9   04:37     04.5     00.0    00.0   05.8     31.5    16:58     NNW
21    13.2    17.4   11:27    09.9   01:16     05.1     00.0    00.0   05.1     24.1    11:56      S 
22    14.4    19.5   14:20    09.8   05:03     03.9     00.0    00.0   04.5     22.2    12:38     SSW
23    14.7    19.4   13:26    10.0   06:22     03.6     00.0    00.0   04.2     27.8    14:06      S 
24    15.6    20.7   14:02    10.2   05:07     02.7     00.0    00.0   05.7     27.8    17:28      N 
25    15.7    18.7   10:33    13.8   16:54     02.6     00.0    14.2   08.0     40.7    10:51     NNE
26    16.3    20.0   14:53    13.8   00:00     02.0     00.0    06.3   04.8     22.2    11:52      NW
27    11.2    13.8   00:27    08.8   20:16     07.1     00.0    22.7   04.2     16.7    16:15     WSW
28    08.8    10.2   17:43    07.3   06:45     09.5     00.0    11.4   04.1     20.4    20:09     NNE
29    12.3    15.2   16:34    09.3   00:25     06.0     00.0    21.2   04.9     35.2    15:11      N 
30    14.8    20.1   15:05    11.9   06:26     03.5     00.0    08.8   04.4     20.4    16:56      SW
----------------------------------------------------------------------------------------------------------------------------------------------------------
14.3 (14.7)   25.6  day 17     05.1  day 06   121.5    003.0   095.6   04.9     40.7   day 25     WSW
Max <=   25: 29
Min <=   20: 30
Min <= 15: 30
Max Rain: 22.7 ON 27-04-13
Days of Rain: 14 (> .2mm) 12 (> 2mm) 2 (> 20mm)