MONTHLY CLIMATOLOGICAL SUMMARY for SEP. 2012

NAME:    CITY:  STATE: 
ELEV:  LAT:  LONG: 

                            TEMPERATURE ( C), RAIN (mm), WIND SPEED (kmh)

                                               HEAT     COOL           AVG
      MEAN                                     DEG      DEG            WIND                       DOM
DAY   TEMP    HIGH   TIME     LOW    TIME      DAYS     DAYS    RAIN   SPEED    HIGH    TIME      DIR
----------------------------------------------------------------------------------------------------------------------------------------------------------
01    19.6    26.4   15:51    15.4   04:38     00.0     01.3    00.0   05.5     20.4    16:47     WNW
02    19.8    24.1   12:12    15.8   06:53     00.0     01.5    00.0   03.8     24.1    12:35      SW
03    21.9    29.1   14:32    15.4   05:30     00.0     03.6    00.0   04.3     25.9    14:43      SW
04    22.9    27.8   12:25    19.0   06:19     00.0     04.6    00.0   04.6     22.2    13:58     SSW
05    24.1    30.0   13:01    19.7   04:22     00.0     05.8    00.0   03.8     20.4    14:48     SSW
06    25.0    31.0   12:16    20.0   05:50     00.0     06.7    00.0   03.8     37.0    12:20      SW
07    23.8    28.9   10:57    20.1   06:11     00.0     05.5    00.0   04.2     24.1    13:41      S 
08    23.5    27.0   15:53    19.6   06:07     00.0     05.2    00.0   03.7     18.5    12:35     SSW
09    24.7    30.3   12:26    20.9   06:34     00.0     06.4    00.0   04.2     22.2    12:43      SW
10    23.9    29.6   13:53    20.1   05:31     00.0     05.6    00.0   03.9     25.9    12:54      SW
11    23.6    28.1   11:50    19.0   05:02     00.0     05.3    00.0   04.2     27.8    12:41     SSW
12    23.7    31.0   14:37    19.5   00:00     00.0     05.4    00.0   04.1     20.4    14:32      SW
13    21.1    28.4   14:39    16.2   06:28     00.0     02.8    00.0   04.4     20.4    11:58     WSW
14    21.0    29.1   14:45    14.2   05:58     00.0     02.7    00.0   04.1     22.2    13:11      SW
15    21.1    25.6   10:49    17.0   07:04     00.0     02.8    00.0   03.9     20.4    14:34      S 
16    22.4    26.3   15:15    18.6   04:22     00.0     04.1    00.0   03.9     22.2    13:53      S 
17    22.3    25.4   11:15    19.5   05:11     00.0     04.0    00.0   03.3     18.5    13:15     SSE
18    21.9    25.2   11:46    19.5   05:08     00.0     03.6    00.0   03.3     16.6    13:28     SSE
19    21.1    23.3   15:34    19.7   10:32     00.0     02.8    00.3   03.7     18.5    14:48      SW
20    20.5    21.6   17:37    19.1   06:30     00.0     02.2    00.0   02.7     16.6    09:46      SW
21    21.5    26.5   15:29    17.8   05:48     00.0     03.2    00.0   03.0     20.4    16:18     SSW
22    22.0    25.8   14:10    18.5   05:57     00.0     03.7    00.0   03.4     18.5    14:47     SSW
23    23.1    26.1   15:02    21.1   03:00     00.0     04.8    00.0   03.1     20.4    15:58      SW
24    23.9    28.2   16:00    19.6   00:00     00.0     05.6    00.0   07.8     35.1    08:27     WSW
25    21.8    26.4   15:38    16.9   06:13     00.0     03.5    00.0   05.6     22.2    17:19     WSW
26    18.7    24.8   11:49    14.0   00:00     00.0     00.4    00.0   04.9     29.6    15:00     WSW
27    16.9    21.0   13:29    11.7   04:36     01.4     00.0    00.0   03.3     16.6    14:58      N 
28    19.3    21.8   14:45    16.7   02:39     00.0     01.0    00.6   04.2     29.6    23:53     NNE
29    17.5    21.2   00:04    15.2   22:33     00.8     00.0    66.9   03.9     24.1    00:44     NNW
30    17.8    22.0   12:22    15.1   04:50     00.5     00.0    00.0   03.2     18.5    13:50     SSW
----------------------------------------------------------------------------------------------------------------------------------------------------------
21.7 (22.1)   31.0  day 12     11.7  day 27   002.7    104.1   067.8   04.1     37.0   day 28      SW
Max >=  30: 3
Max <=   25: 8
Min <=   20: 26
Min <= 15: 3
Max Rain: 66.9 ON 29-09-12
Days of Rain: 3 (> .2mm) 1 (> 2mm) 1 (> 20mm)