MONTHLY CLIMATOLOGICAL SUMMARY for NOV. 2012

NAME:    CITY:  STATE: 
ELEV:  LAT:  LONG: 

                            TEMPERATURE ( C), RAIN (mm), WIND SPEED (kmh)

                                               HEAT     COOL           AVG
      MEAN                                     DEG      DEG            WIND                       DOM
DAY   TEMP    HIGH   TIME     LOW    TIME      DAYS     DAYS    RAIN   SPEED    HIGH    TIME      DIR
----------------------------------------------------------------------------------------------------------------------------------------------------------
01    14.3    18.4   14:58    09.7   00:16     04.0     00.0    00.0   06.1     29.6    13:57     WSW
02    15.9    19.7   14:15    12.1   06:08     02.4     00.0    00.0   06.2     27.8    13:07     WSW
03    16.3    20.5   12:10    13.7   02:06     02.0     00.0    00.0   04.2     14.8    16:21      SW
04    16.6    20.6   13:11    13.3   05:33     01.7     00.0    00.3   02.9     18.5    14:57     WSW
05    14.1    16.5   14:27    11.3   22:23     04.2     00.0    00.0   05.1     24.1    12:35      W 
06    12.2    15.8   14:43    10.2   07:51     06.1     00.0    00.0   02.7     11.1    13:07     WNW
07    11.1    16.8   15:30    07.1   07:21     07.2     00.0    00.0   02.9     09.3    16:07     WNW
08    12.4    18.2   14:31    06.7   06:46     05.9     00.0    00.0   02.4     12.9    12:02     WSW
09    14.1    18.0   14:13    09.7   05:46     04.2     00.0    03.2   02.1     14.8    09:42     WSW
10    15.3    19.0   14:52    12.6   23:53     03.0     00.0    00.9   03.6     18.5    12:32     WSW
11    12.3    15.6   15:10    10.4   00:00     06.0     00.0    00.0   02.0     11.1    15:16     NNE
12    12.4    18.3   14:34    08.2   05:59     05.9     00.0    00.0   03.5     14.8    15:41      N 
13    12.8    17.1   16:23    06.8   05:19     05.5     00.0    00.0   03.8     22.2    21:17     NNE
14    16.2    17.9   13:18    13.6   00:00     02.1     00.0    00.0   06.1     31.4    09:21     NNE
15    14.5    19.3   12:31    11.8   07:16     03.8     00.0    00.0   02.7     14.8    13:27     SSW
16    14.0    18.7   12:52    09.5   06:45     04.3     00.0    00.0   01.8     18.5    13:45      SW
17    14.5    16.5   13:17    13.4   07:40     03.8     00.0    00.0   03.0     20.4    12:29      NE
18    14.4    17.4   12:31    13.3   06:41     03.9     00.0    00.0   04.0     20.4    01:52     NNE
19    14.1    18.2   13:51    11.6   23:10     04.2     00.0    00.0   03.5     18.5    15:28      W 
20    12.5    18.5   14:26    08.2   07:04     05.8     00.0    00.0   02.3     14.8    13:47      W 
21    12.6    17.1   13:36    09.5   04:39     05.7     00.0    00.0   01.4     09.3    15:59      N 
22    13.0    17.5   14:54    10.0   00:00     05.3     00.0    00.0   01.9     12.9    13:06     WSW
23    12.7    18.5   14:51    07.5   07:11     05.6     00.0    00.0   03.2     18.5    11:17      SW
24    13.3    18.1   14:23    09.6   06:40     05.0     00.0    00.0   02.7     14.8    15:43      SW
25    13.4    16.8   13:15    09.1   06:27     04.9     00.0    00.0   01.7     09.3    14:07     WSW
26    14.3    16.5   12:42    11.4   00:00     04.0     00.0    00.3   02.2     12.9    20:54     WSW
27    09.4    11.6   01:12    07.0   23:09     08.9     00.0    13.2   03.3     14.8    14:38      N 
28    09.4    11.9   20:49    07.1   07:34     08.9     00.0    00.3   04.5     20.4    23:32      W 
29    09.9    14.4   15:02    04.2   23:40     08.4     00.0    00.0   04.4     16.6    00:42      W 
30    06.5    12.6   13:35    02.1   08:23     11.8     00.0    00.0   03.7     14.8    14:42     WSW
----------------------------------------------------------------------------------------------------------------------------------------------------------
13.1 (13.4)   20.6  day 04     02.1  day 30   154.6    000.0   018.2   03.3     31.5   day 02      W 
Max <=   25: 30
Min <=   20: 30
Min <= 15: 30
Max Rain: 13.2 ON 27-11-12
Days of Rain: 6 (> .2mm) 2 (> 2mm) 0 (> 20mm)