MONTHLY CLIMATOLOGICAL SUMMARY for MAR. 2012

NAME:    CITY:  STATE: 
ELEV:  LAT:  LONG: 

                            TEMPERATURE ( C), RAIN (mm), WIND SPEED (kmh)

                                               HEAT     COOL           AVG
      MEAN                                     DEG      DEG            WIND                       DOM
DAY   TEMP    HIGH   TIME     LOW    TIME      DAYS     DAYS    RAIN   SPEED    HIGH    TIME      DIR
----------------------------------------------------------------------------------------------------------------------------------------------------------
01    12.7    19.2   14:40    07.6   06:07     05.6     00.0    00.0   02.8     18.5    15:33      S 
02    11.9    19.0   15:28    05.8   07:05     06.4     00.0    00.0   04.3     16.6    19:40      SW
03    12.2    16.5   14:05    08.2   06:18     06.1     00.0    00.0   03.8     18.5    12:17      SW
04    12.9    19.0   13:01    07.6   04:41     05.4     00.0    00.0   03.1     20.4    13:01      W 
05    11.3    17.3   15:15    07.0   06:32     07.0     00.0    00.0   05.7     29.6    15:20     NNW
06    09.6    15.8   15:38    05.2   00:00     08.7     00.0    00.0   04.4     24.1    13:21      NW
07    09.6    16.1   13:24    03.7   05:52     08.7     00.0    00.0   03.6     27.8    14:00     SSW
08    10.3    16.3   11:24    05.6   04:08     08.0     00.0    00.0   04.3     29.6    11:36      SW
09    10.2    16.1   13:45    04.8   07:22     08.1     00.0    00.0   03.9     22.2    14:14     WNW
10    10.8    19.0   14:30    04.3   05:43     07.5     00.0    00.0   03.1     24.1    15:01      SW
11    12.8    21.1   16:08    05.1   05:18     05.5     00.0    00.0   03.3     20.4    13:49     WSW
12    14.3    22.0   15:12    08.5   03:39     04.0     00.0    00.0   03.8     18.5    14:53     WSW
13    14.0    20.7   13:35    08.1   05:10     04.3     00.0    00.0   02.9     20.4    14:07      S 
14    14.2    20.6   11:44    09.6   06:50     04.1     00.0    00.0   03.2     20.4    14:38      S 
15    12.1    17.9   11:36    08.6   07:05     06.2     00.0    00.0   03.1     20.4    14:54      S 
16    12.5    19.1   11:58    07.0   04:27     05.8     00.0    00.0   03.7     22.2    13:30      S 
17    12.5    19.2   12:29    06.6   06:00     05.8     00.0    00.0   03.7     24.1    13:48     SSW
18    13.6    18.8   13:14    08.9   05:26     04.7     00.0    00.0   05.3     29.6    10:14     WSW
19    10.7    15.0   14:54    08.2   07:23     07.6     00.0    00.0   05.2     29.6    17:37     SSW
20    10.4    15.5   13:34    05.8   07:12     07.9     00.0    00.0   06.7     51.8    22:29      N 
21    11.8    13.2   08:57    09.8   23:37     06.5     00.0    20.1   07.1     40.7    09:05      N 
22    11.4    16.7   14:28    09.5   22:51     06.9     00.0    12.1   04.3     20.4    15:07      N 
23    11.7    17.0   14:40    06.7   06:50     06.6     00.0    00.0   03.4     20.4    15:50     SSE
24    12.8    18.9   13:01    07.7   06:34     05.5     00.0    00.0   03.3     20.4    13:32      S 
25    16.0    23.1   13:32    09.5   06:10     02.3     00.0    00.0   03.0     20.4    15:16      SW
26    14.8    19.6   13:15    10.5   03:36     03.5     00.0    00.0   03.6     20.4    13:35      SW
27    15.1    21.0   13:14    09.6   05:45     03.2     00.0    00.0   03.5     20.4    14:26      S 
28    15.6    22.7   14:02    09.6   06:13     02.7     00.0    00.0   03.0     20.4    15:07     SSE
29    16.1    22.7   13:38    09.7   05:28     02.2     00.0    00.0   03.0     20.4    13:53     SSW
30    18.3    27.1   14:19    12.7   03:39     00.0     00.0    00.0   03.2     24.1    14:21      SW
31    16.7    21.9   14:39    11.7   06:05     01.6     00.0    00.0   03.0     20.4    13:02     SSW
----------------------------------------------------------------------------------------------------------------------------------------------------------
12.9 (13.4)   27.1  day 30     03.7  day 07   168.5    000.0   032.2   03.9     51.8   day 20      SW
Max <=   25: 30
Min <=   20: 31
Min <= 15: 31
Max Rain: 20.1 ON 21-03-12
Days of Rain: 2 (> .2mm) 2 (> 2mm) 1 (> 20mm)