MONTHLY CLIMATOLOGICAL SUMMARY for FEB. 2012

NAME:    CITY:  STATE: 
ELEV:  LAT:  LONG: 

                            TEMPERATURE ( C), RAIN (mm), WIND SPEED (kmh)

                                               HEAT     COOL           AVG
      MEAN                                     DEG      DEG            WIND                       DOM
DAY   TEMP    HIGH   TIME     LOW    TIME      DAYS     DAYS    RAIN   SPEED    HIGH    TIME      DIR
----------------------------------------------------------------------------------------------------------------------------------------------------------
01    04.2    06.4   15:14    02.1   00:00     14.1     00.0    07.3   03.3     16.6    20:35     NNE
02    01.3    02.8   15:43   -00.1   10:27     17.0     00.0    01.5   03.3     14.8    00:21      N 
03    00.8    03.7   16:21   -01.9   08:17     17.5     00.0    00.0   05.2     20.4    20:45     NNE
04    01.7    05.8   15:19   -01.0   00:47     16.6     00.0    00.0   06.8     31.4    04:15     NNE
05    00.8    04.6   12:58   -03.5   07:11     17.5     00.0    00.3   03.4     12.9    20:04      N 
06    04.9    12.6   14:50   -02.0   06:34     13.4     00.0    00.0   04.1     24.1    15:16     NNE
07    06.7    11.5   13:54    01.2   00:00     11.6     00.0    00.0   07.1     35.1    12:08     NNE
08    03.2    07.9   13:55   -00.7   04:29     15.1     00.0    00.0   03.3     14.8    17:23     WNW
09    04.6    10.9   14:57   -00.5   07:30     13.7     00.0    00.0   05.3     20.4    19:36     NNW
10    05.8    11.5   13:41    01.4   23:47     12.5     00.0    00.0   04.6     18.5    15:25     WSW
11    03.5    09.0   13:22   -01.8   07:12     14.8     00.0    00.0   04.4     25.9    13:38      SW
12    01.5    07.4   14:21   -02.7   08:06     16.8     00.0    00.0   03.5     22.2    14:34     NNE
13    03.8    10.6   15:36   -02.0   03:25     14.5     00.0    00.0   04.5     20.4    15:16     WSW
14    05.9    10.5   14:47    01.6   07:39     12.4     00.0    00.0   03.0     18.5    16:08      SW
15    07.2    14.0   15:25    01.2   06:04     11.1     00.0    00.0   03.9     22.2    14:33      W 
16    09.1    17.0   16:03    02.8   03:08     09.2     00.0    00.0   04.7     18.5    13:48      NW
17    09.6    12.2   14:39    06.5   00:00     08.7     00.0    00.0   03.4     16.6    01:17     NNE
18    09.0    15.1   14:14    04.6   05:48     09.3     00.0    00.0   04.3     11.1    17:18     WSW
19    08.4    13.2   14:23    04.6   02:54     09.9     00.0    00.0   02.4     20.4    15:12      S 
20    08.4    13.8   13:32    03.6   22:52     09.9     00.0    00.0   03.7     20.4    15:07      SW
21    06.9    13.3   14:07    02.6   05:57     11.4     00.0    00.0   03.4     20.4    15:33     SSE
22    09.4    17.8   14:47    03.0   03:27     08.9     00.0    00.0   03.0     16.6    15:34     WSW
23    12.4    20.6   15:03    04.8   07:36     05.9     00.0    00.0   03.4     16.6    13:59     WSW
24    11.9    18.9   13:06    07.3   07:33     06.4     00.0    00.0   02.5     16.6    15:27     SSE
25    11.2    17.8   13:01    05.5   05:52     07.1     00.0    00.0   02.0     14.8    14:08     SSW
26    14.0    20.4   12:22    08.9   07:28     04.3     00.0    00.0   02.5     18.5    12:52      S 
27    12.2    17.5   13:41    09.1   07:10     06.1     00.0    00.0   04.1     18.5    15:46      SW
28    10.6    16.1   12:50    05.6   07:26     07.7     00.0    00.0   03.7     22.2    14:33     SSW
29    12.2    18.7   14:17    06.8   07:54     06.1     00.0    00.0   02.9     18.5    14:22      S 
----------------------------------------------------------------------------------------------------------------------------------------------------------
07.0 (7.4)   20.6  day 23    -03.5  day 05   329.1    000.0   009.1   03.9     35.2   day 07      NW
Max <=   25: 29
Min <=   20: 29
Min <= 15: 29
Max Rain: 7.3 ON 1-02-12
Days of Rain: 3 (> .2mm) 1 (> 2mm) 0 (> 20mm)