MONTHLY CLIMATOLOGICAL SUMMARY for DEC. 2012

NAME:    CITY:  STATE: 
ELEV:  LAT:  LONG: 

                            TEMPERATURE ( C), RAIN (mm), WIND SPEED (kmh)

                                               HEAT     COOL           AVG
      MEAN                                     DEG      DEG            WIND                       DOM
DAY   TEMP    HIGH   TIME     LOW    TIME      DAYS     DAYS    RAIN   SPEED    HIGH    TIME      DIR
----------------------------------------------------------------------------------------------------------------------------------------------------------
01    05.3    11.8   15:09    02.3   02:50     13.0     00.0    00.0   03.3     13.0    13:57      N 
02    06.6    11.1   15:06    02.3   06:51     11.7     00.0    00.0   04.8     27.8    13:06     NNW
03    09.6    14.9   15:07    05.6   01:36     08.7     00.0    00.0   03.5     16.7    10:55      N 
04    10.9    15.7   14:42    08.5   00:00     07.4     00.0    00.0   05.8     29.6    11:39     WSW
05    09.5    12.8   14:41    07.3   00:00     08.8     00.0    00.0   06.4     29.6    09:14      W 
06    07.9    12.7   15:07    04.6   06:09     10.4     00.0    00.0   03.8     16.7    12:06     WSW
07    07.3    12.4   16:09    02.8   02:15     11.0     00.0    00.0   02.3     16.7    16:08     WSW
08    09.4    15.2   14:20    04.2   23:36     08.9     00.0    00.0   04.7     24.1    12:32     WSW
09    06.8    12.2   14:38    02.5   05:11     11.5     00.0    00.0   03.3     14.8    14:58     NNW
10    06.7    11.5   13:52    02.6   08:19     11.6     00.0    00.0   02.5     13.0    15:01     WNW
11    06.4    10.9   14:54    04.0   02:31     11.9     00.0    00.0   02.3     11.1    17:50      NW
12    06.7    10.2   14:19    03.2   07:51     11.6     00.0    00.0   02.3     11.1    14:35      NE
13    09.8    11.7   11:32    07.8   03:27     08.5     00.0    01.9   02.7     09.3    23:44      W 
14    10.4    13.7   00:00    08.3   03:09     07.9     00.0    00.0   07.0     29.6    23:28     WSW
15    15.3    18.4   12:59    13.2   23:40     03.0     00.0    00.0   06.0     27.8    00:29     WSW
16    14.5    18.2   13:58    12.7   03:29     03.8     00.0    00.0   05.5     24.1    16:01      SW
17    12.7    16.1   14:58    09.2   23:48     05.6     00.0    00.0   03.9     18.5    05:43      W 
18    09.9    14.6   14:49    05.6   07:34     08.4     00.0    00.0   03.4     14.8    15:09      N 
19    10.4    14.7   14:53    07.3   02:39     07.9     00.0    00.0   01.6     09.3    14:50      W 
20    11.7    16.1   14:22    08.3   02:56     06.6     00.0    00.0   04.3     20.4    10:01     WSW
21    12.5    16.6   15:03    09.8   00:00     05.8     00.0    00.0   04.8     25.9    13:07      W 
22    11.4    15.4   14:12    07.5   05:39     06.9     00.0    00.0   02.9     13.0    13:52     WSW
23    13.6    20.1   14:42    09.2   03:54     04.7     00.0    00.0   02.8     16.7    13:25     WSW
24    10.6    17.3   14:35    06.8   08:20     07.7     00.0    00.0   02.0     11.1    14:11      S 
25    10.0    13.7   13:58    06.8   08:43     08.3     00.0    00.0   02.9     13.0    02:45      N 
26    12.0    16.7   14:07    07.9   00:00     06.3     00.0    00.0   03.4     14.8    14:38     WNW
27    09.7    13.8   15:05    06.3   07:49     08.6     00.0    00.0   03.7     16.7    12:34      NW
28    10.9    15.2   14:25    07.7   06:41     07.4     00.0    00.0   03.5     16.7    02:10      W 
29    10.8    16.5   14:19    05.1   07:57     07.5     00.0    00.0   03.7     20.4    20:02      SW
30    09.5    14.8   14:32    06.1   07:24     08.8     00.0    00.0   02.8     09.3    22:10     NNW
31    08.4    13.2   15:09    04.1   06:29     09.9     00.0    00.0   03.7     20.4    12:40     WSW
----------------------------------------------------------------------------------------------------------------------------------------------------------
09.9 (10.4)   20.1  day 23     02.3  day 02   260.0    000.0   001.9   03.7     29.6   day 14      W 
Max <=   25: 31
Min <=   20: 31
Min <= 15: 31
Max Rain: 1.9 ON 13-12-13
Days of Rain: 1 (> .2mm) 0 (> 2mm) 0 (> 20mm)