MONTHLY CLIMATOLOGICAL SUMMARY for AUG. 2012

NAME:    CITY:  STATE: 
ELEV:  LAT:  LONG: 

                            TEMPERATURE ( C), RAIN (mm), WIND SPEED (kmh)

                                               HEAT     COOL           AVG
      MEAN                                     DEG      DEG            WIND                       DOM
DAY   TEMP    HIGH   TIME     LOW    TIME      DAYS     DAYS    RAIN   SPEED    HIGH    TIME      DIR
----------------------------------------------------------------------------------------------------------------------------------------------------------
01    27.5    36.5   15:07    21.9   04:51     00.0     09.2    00.0   04.8     22.2    15:48      SW
02    26.0    30.7   10:42    22.1   05:13     00.0     07.7    00.0   04.6     31.4    12:06     SSW
03    25.5    30.9   11:11    20.8   05:34     00.0     07.2    00.0   05.1     27.8    13:06      S 
04    25.7    31.3   13:42    20.5   05:02     00.0     07.4    00.0   04.5     24.1    12:24     SSW
05    25.0    29.1   14:51    21.3   05:03     00.0     06.7    00.0   05.2     24.1    11:41      S 
06    23.2    28.7   12:56    18.7   04:53     00.0     04.9    21.7   05.2     25.9    13:58     SSW
07    23.4    28.3   12:39    19.2   05:30     00.0     05.1    00.0   04.5     27.8    13:18      S 
08    24.9    30.1   13:22    19.8   06:10     00.0     06.6    00.0   04.5     25.9    14:24      S 
09    26.0    32.1   10:34    20.7   05:10     00.0     07.7    00.0   04.5     29.6    13:32      S 
10    26.8    31.7   14:12    21.8   04:42     00.0     08.5    00.0   04.1     24.1    12:28      S 
11    26.8    31.8   11:02    23.3   05:25     00.0     08.5    00.0   03.9     24.1    12:38     SSW
12    25.7    30.4   14:53    22.4   23:10     00.0     07.4    00.0   04.4     24.1    13:59     SSW
13    25.6    31.8   13:24    20.4   05:28     00.0     07.3    00.0   04.4     24.1    13:24     SSW
14    26.5    31.7   13:18    22.2   05:51     00.0     08.2    00.0   04.8     20.4    15:00      SW
15    27.2    32.3   15:13    22.3   06:10     00.0     08.9    00.0   04.6     27.8    12:09      SW
16    26.4    30.6   10:35    23.4   06:25     00.0     08.1    00.0   05.3     27.8    12:07      S 
17    26.1    31.8   12:16    21.5   06:38     00.0     07.8    00.0   04.2     20.4    16:01      S 
18    26.6    32.4   12:15    21.7   04:40     00.0     08.3    00.0   04.0     22.2    13:14      S 
19    28.3    33.6   14:37    21.8   05:16     00.0     10.0    00.0   04.2     20.4    15:11     SSW
20    30.9    38.2   13:10    25.1   05:42     00.0     12.6    00.0   03.8     22.2    17:02      SW
21    30.5    37.5   14:08    24.6   05:17     00.0     12.2    00.0   04.3     20.4    16:03      SW
22    29.8    36.6   14:06    23.5   06:10     00.0     11.5    00.0   03.8     20.4    14:40     SSW
23    29.3    36.7   13:34    24.8   06:01     00.0     11.0    00.0   03.9     22.2    13:23      S 
24    27.5    32.8   14:32    23.0   05:34     00.0     09.2    00.0   04.0     24.1    12:35     SSW
25    26.8    31.6   14:19    23.8   05:53     00.0     08.5    00.0   04.8     24.1    13:04      S 
26    24.6    29.7   12:36    20.6   06:02     00.0     06.3    00.0   05.9     27.8    13:26      SW
27    26.0    31.4   14:07    21.8   05:44     00.0     07.7    00.0   04.9     22.2    15:05      SW
28    26.2    30.6   11:06    23.5   00:00     00.0     07.9    00.0   04.3     25.9    13:25      S 
29    26.8    30.6   11:34    21.8   06:54     00.0     08.5    00.0   05.8     25.9    13:08     SSW
30    21.8    25.9   09:49    18.4   00:00     00.0     03.5    14.5   03.2     16.6    17:53     NNE
31    20.9    27.2   13:09    16.5   04:34     00.0     02.6    00.0   04.6     35.1    13:55      SW
----------------------------------------------------------------------------------------------------------------------------------------------------------
26.3 (26.7)   38.2  day 20     16.5  day 31   000.0    247.3   036.2   04.5     35.2   day 31     SSW
Max >=  30: 25
Min <=   20: 5
Max Rain: 21.7 ON 6-08-12
Days of Rain: 2 (> .2mm) 2 (> 2mm) 1 (> 20mm)