MONTHLY CLIMATOLOGICAL SUMMARY for APR. 2012

NAME:    CITY:  STATE: 
ELEV:  LAT:  LONG: 

                            TEMPERATURE ( C), RAIN (mm), WIND SPEED (kmh)

                                               HEAT     COOL           AVG
      MEAN                                     DEG      DEG            WIND                       DOM
DAY   TEMP    HIGH   TIME     LOW    TIME      DAYS     DAYS    RAIN   SPEED    HIGH    TIME      DIR
----------------------------------------------------------------------------------------------------------------------------------------------------------
01    16.8    22.1   16:25    11.9   06:05     01.5     00.0    00.0   03.6     20.4    15:57     SSW
02    14.7    19.7   12:17    10.9   05:19     03.6     00.0    00.0   03.8     22.2    14:47      S 
03    13.2    16.6   16:53    10.9   04:30     05.1     00.0    04.1   03.0     11.1    17:30      NE
04    12.2    13.8   12:40    10.7   03:14     06.1     00.0    21.7   03.7     11.1    12:27     NNE
05    12.6    14.3   17:28    11.0   05:12     05.7     00.0    02.9   03.2     12.9    15:05     NNE
06    12.7    17.4   14:26    09.0   22:47     05.6     00.0    00.0   04.5     22.2    15:09     WSW
07    12.7    17.2   16:18    08.1   02:40     05.6     00.0    00.0   07.4     27.8    15:36     WSW
08    13.9    21.3   15:00    09.5   06:23     04.4     00.0    00.0   05.0     20.4    15:19     WSW
09    13.0    16.8   13:46    10.0   02:39     05.3     00.0    00.0   03.9     20.4    13:47     SSW
10    13.2    19.4   13:52    09.1   04:09     05.1     00.0    04.7   04.1     35.1    19:39     WSW
11    13.8    19.3   15:02    08.0   04:56     04.5     00.0    00.0   05.6     20.4    16:51     WSW
12    13.4    15.8   16:41    11.6   06:49     04.9     00.0    00.0   03.3     14.8    17:12     NNW
13    12.1    16.6   13:09    08.1   23:49     06.2     00.0    00.6   04.4     20.4    17:12     NNW
14    11.3    16.6   14:44    07.7   05:12     07.0     00.0    00.0   05.5     24.1    13:49     WSW
15    11.0    17.0   11:49    08.6   05:28     07.3     00.0    02.2   04.0     24.1    12:59      W 
16    12.8    16.8   13:01    09.0   23:51     05.5     00.0    00.0   05.6     29.6    13:26     WSW
17    12.3    18.9   15:48    06.3   05:56     06.0     00.0    00.0   04.9     22.2    17:16     WSW
18    12.5    15.9   18:12    09.7   06:39     05.8     00.0    00.6   05.7     27.8    13:07      SW
19    14.1    19.2   13:37    09.7   23:49     04.2     00.0    00.0   07.4     31.4    13:52     WSW
20    14.6    20.8   16:16    09.4   05:56     03.7     00.0    00.0   06.9     31.4    16:13     WSW
21    15.6    21.8   13:41    10.9   05:36     02.7     00.0    00.7   05.2     27.8    14:24     WSW
22    13.1    14.6   10:00    11.7   23:59     05.2     00.0    00.7   04.9     25.9    12:22     SSW
23    14.4    18.5   13:45    10.9   05:28     03.9     00.0    00.0   05.4     20.4    15:50      SW
24    14.2    19.9   14:24    09.7   23:56     04.1     00.0    00.0   06.0     25.9    13:05     WSW
25    14.6    20.6   13:45    09.2   02:46     03.7     00.0    00.0   04.7     22.2    14:27     SSW
26    17.5    22.8   12:37    14.0   04:37     00.8     00.0    00.0   03.9     24.1    13:42      S 
27    17.8    22.4   15:32    14.3   05:07     00.5     00.0    00.0   04.5     20.4    08:13     NNE
28    17.4    21.6   13:48    12.7   23:49     00.9     00.0    12.6   05.9     27.8    08:53      NE
29    15.1    20.3   13:31    11.3   05:50     03.2     00.0    00.3   05.6     24.1    16:05      SW
30    13.8    17.5   15:48    09.5   23:49     04.5     00.0    11.7   05.7     24.1    16:54      SW
----------------------------------------------------------------------------------------------------------------------------------------------------------
13.9 (14.3)   22.8  day 26     06.3  day 17   132.7    000.0   062.8   04.9     35.2   day 19     WSW
Max <=   25: 30
Min <=   20: 30
Min <= 15: 30
Max Rain: 21.7 ON 4-04-12
Days of Rain: 66 (> .2mm) 61 (> 2mm) 1 (> 20mm)