MONTHLY CLIMATOLOGICAL SUMMARY for NOV. 2011

NAME:    CITY:  STATE: 
ELEV:  LAT:  LONG: 

                            TEMPERATURE ( C), RAIN (mm), WIND SPEED (kmh)

                                               HEAT     COOL           AVG
      MEAN                                     DEG      DEG            WIND                       DOM
DAY   TEMP    HIGH   TIME     LOW    TIME      DAYS     DAYS    RAIN   SPEED    HIGH    TIME      DIR
----------------------------------------------------------------------------------------------------------------------------------------------------------
01    18.2    22.1   13:11    14.8   23:08     00.1     00.0    00.0   01.5     14.8    14:52     SSW
02    18.6    22.1   13:13    16.4   04:20     00.0     00.3    01.9   03.2     20.4    12:20      SW
03    18.2    20.5   12:06    15.3   00:00     00.1     00.0    06.6   04.0     37.0    16:13      S 
04    15.3    16.7   13:46    14.4   06:37     03.0     00.0    26.5   02.9     22.2    19:08     NNE
05    15.0    17.2   12:15    13.1   00:00     03.3     00.0    07.6   02.6     12.9    13:15     NNW
06    14.4    16.9   20:07    12.1   04:23     03.9     00.0    16.8   05.7     35.1    19:32     NNE
07    16.1    19.6   13:32    13.5   07:43     02.2     00.0    00.0   03.8     20.4    01:14     NNE
08    15.4    20.8   13:39    12.8   05:26     02.9     00.0    00.0   03.7     16.6    15:23     WSW
09    14.7    20.3   14:34    10.3   07:03     03.6     00.0    00.0   02.9     16.6    13:26     WSW
10    15.0    20.9   14:44    10.6   05:16     03.3     00.0    00.0   02.8     16.6    11:48     WSW
11    15.9    21.6   13:26    11.7   06:57     02.4     00.0    00.0   02.1     12.9    15:28     SSW
12    16.9    20.5   13:49    14.5   07:17     01.4     00.0    00.0   02.9     18.5    13:27      NE
13    14.9    17.0   10:18    13.7   06:53     03.4     00.0    16.7   04.6     20.4    13:10     NNE
14    14.3    16.3   11:13    13.4   04:45     04.0     00.0    03.1   05.5     14.8    12:57     NNE
15    14.1    15.2   11:54    13.4   07:10     04.2     00.0    44.0   06.8     24.1    03:20     NNE
16    14.2    15.5   13:08    13.6   06:16     04.1     00.0    00.9   04.1     18.5    00:27     NNE
17    14.4    17.3   12:40    12.3   03:44     03.9     00.0    00.0   02.1     11.1    11:02      SW
18    13.2    16.6   15:34    10.8   08:18     05.1     00.0    00.0   02.2     11.1    12:59     NNE
19    12.7    16.6   14:14    09.2   07:00     05.6     00.0    01.3   03.5     12.9    23:55     NNE
20    15.4    18.2   12:57    13.9   06:34     02.9     00.0    00.0   06.1     20.4    10:46      NE
21    14.6    17.2   12:53    12.6   05:50     03.7     00.0    16.4   06.6     27.8    13:31     NNE
22    14.9    16.1   15:07    13.5   00:07     03.4     00.0    01.2   07.2     27.8    11:31      NE
23    14.7    19.7   13:57    10.3   06:20     03.6     00.0    00.0   02.9     14.8    14:10     WSW
24    12.8    18.4   13:55    09.3   07:15     05.5     00.0    00.0   01.9     12.9    15:19      N 
25    12.5    18.7   14:46    09.2   08:08     05.8     00.0    00.0   01.6     09.3    16:02      W 
26    11.0    16.7   15:01    07.1   05:04     07.3     00.0    00.0   02.2     14.8    08:19     NNW
27    10.5    16.9   14:13    06.2   04:05     07.8     00.0    00.0   02.3     11.1    19:32     NNE
28    11.3    15.2   16:00    08.1   06:37     07.0     00.0    00.0   02.5     16.6    10:24      NE
29    13.6    19.0   14:03    10.5   07:25     04.7     00.0    00.0   02.5     12.9    14:03     WSW
30    12.3    18.0   13:55    07.7   06:10     06.0     00.0    00.0   02.5     09.3    22:46     WSW
----------------------------------------------------------------------------------------------------------------------------------------------------------
14.5 (15.0)   22.1  day 02     06.2  day 27   114.4    000.3   143.0   03.5     37.0   day 21     NNE
Max <=   25: 30
Min <=   20: 30
Min <= 15: 28
Max Rain: 44.0 ON 15-11-11
Days of Rain: 12 (> .2mm) 8 (> 2mm) 2 (> 20mm)