MONTHLY CLIMATOLOGICAL SUMMARY for AUG. 2011

NAME:    CITY:  STATE: 
ELEV:  LAT:  LONG: 

                            TEMPERATURE ( C), RAIN (mm), WIND SPEED (kmh)

                                               HEAT     COOL           AVG
      MEAN                                     DEG      DEG            WIND                       DOM
DAY   TEMP    HIGH   TIME     LOW    TIME      DAYS     DAYS    RAIN   SPEED    HIGH    TIME      DIR
----------------------------------------------------------------------------------------------------------------------------------------------------------
01    24.2    28.1   13:26    20.1   04:47     00.0     05.9    00.0   03.9     16.6    16:26      SW
02    24.0    29.6   15:13    19.9   05:29     00.0     05.7    00.0   04.6     18.5    16:09     SSE
03    24.1    29.2   12:16    19.9   05:12     00.0     05.8    00.0   04.3     27.8    14:01     SSW
04    25.5    31.8   14:12    20.5   06:12     00.0     07.2    00.0   04.3     22.2    12:52     SSW
05    25.5    31.7   12:52    21.2   05:08     00.0     07.2    00.0   04.0     16.6    16:16      SW
06    25.7    30.1   13:38    22.3   05:19     00.0     07.4    00.0   04.3     20.4    14:22      SW
07    20.2    20.2   00:00    20.1   00:52     00.0     01.9    00.0   03.1     05.5    00:50      NE
08    20.6    20.6   00:32    20.5   00:00     00.0     02.3    00.0   03.7     05.5    00:55     WSW
09    18.8    19.0   00:04    18.6   00:00     00.0     00.5    00.0   03.6     05.5    00:00      NE
10    21.3    21.5   00:03    21.1   00:00     00.0     03.0    00.0   02.1     05.5    00:41     WNW
11    23.3    27.3   17:03    19.1   05:43     00.0     05.0    00.0   04.7     22.2    16:20     SSW
12    24.4    29.7   11:51    19.1   05:50     00.0     06.1    00.0   04.3     22.2    14:41     SSW
13    24.8    30.3   14:11    19.9   05:38     00.0     06.5    00.0   04.2     20.4    13:23     SSW
14    25.2    30.5   14:12    21.2   05:52     00.0     06.9    00.0   04.3     20.4    15:46     SSW
15    25.4    29.4   14:40    21.7   06:29     00.0     07.1    00.0   04.2     22.2    13:15      S 
16    25.8    31.1   11:18    21.5   04:32     00.0     07.5    00.0   04.5     27.8    12:42      S 
17    26.7    32.9   14:39    21.6   03:06     00.0     08.4    00.0   04.1     24.1    14:05      SW
18    25.4    30.1   14:41    21.2   05:44     00.0     07.1    00.0   04.4     18.5    14:18      S 
19    25.8    31.9   11:36    20.8   05:28     00.0     07.5    00.0   04.0     22.2    16:56      S 
20    26.8    32.5   13:24    21.4   05:02     00.0     08.5    00.0   03.7     22.2    14:34     SSW
21    27.9    34.9   15:10    21.0   05:00     00.0     09.6    00.0   03.8     22.2    13:58     SSW
22    27.4    34.5   12:36    21.7   05:42     00.0     09.1    00.0   03.4     20.4    12:46      S 
23    25.8    30.7   12:33    21.4   05:39     00.0     07.5    00.0   03.8     22.2    16:03     SSW
24    26.2    30.4   14:20    22.9   06:23     00.0     07.9    00.0   04.5     22.2    16:16      S 
25    26.2    30.6   13:22    22.9   06:13     00.0     07.9    00.0   04.3     24.1    14:34      S 
26    24.3    30.9   12:59    17.7   00:00     00.0     06.0    02.6   04.2     24.1    12:43     NNE
27    21.8    27.8   13:37    17.5   02:24     00.0     03.5    00.0   05.4     27.8    15:50     SSW
28    23.2    28.9   14:25    18.8   04:52     00.0     04.9    00.0   04.7     24.1    12:42      SW
29    24.0    29.7   14:59    20.2   04:13     00.0     05.7    00.0   04.2     20.4    15:21     SSW
30    24.3    28.3   17:06    20.5   06:19     00.0     06.0    00.0   04.6     24.1    13:37      S 
31    24.6    28.7   16:11    20.9   01:29     00.0     06.3    00.0   03.8     24.1    13:29     SSW
----------------------------------------------------------------------------------------------------------------------------------------------------------
24.3 (24.8)   34.9  day 21     17.0  day 10   000.0    208.4   002.6   04.2     96.2   day 10     SSW
Max >=  30: 16
Max <=   25: 4
Min <=   20: 13
Max Rain: 2.6 ON 26-08-11
Days of Rain: 1 (> .2mm) 1 (> 2mm) 0 (> 20mm)