MONTHLY CLIMATOLOGICAL SUMMARY for APR. 2011

NAME:    CITY:  STATE: 
ELEV:  LAT:  LONG: 

                            TEMPERATURE ( C), RAIN (mm), WIND SPEED (kmh)

                                               HEAT     COOL           AVG
      MEAN                                     DEG      DEG            WIND                       DOM
DAY   TEMP    HIGH   TIME     LOW    TIME      DAYS     DAYS    RAIN   SPEED    HIGH    TIME      DIR
----------------------------------------------------------------------------------------------------------------------------------------------------------
01    17.7    25.7   14:30    12.2   06:17     00.6     00.0    00.0   03.9     20.4    14:02     WSW
02    18.0    23.8   13:41    12.4   04:51     00.3     00.0    00.0   05.3     24.1    14:26      SW
03    17.6    22.2   12:50    12.9   06:26     00.7     00.0    00.0   03.3     14.8    15:02     WSW
04    16.5    23.6   13:26    13.1   05:20     01.8     00.0    00.0   03.5     25.9    14:05     SSW
05    17.5    23.7   14:46    12.1   06:26     00.8     00.0    00.0   03.8     16.6    13:47      SW
06    16.9    21.7   12:05    13.2   05:48     01.4     00.0    00.0   03.6     20.4    13:48      S 
07    17.8    24.0   15:50    10.6   05:46     00.5     00.0    00.0   03.9     22.2    13:58     SSW
08    22.2    31.2   14:24    13.7   05:50     00.0     03.9    00.0   04.5     20.4    15:45      SW
09    21.0    26.0   12:52    16.4   04:51     00.0     02.7    00.0   03.4     20.4    15:12      S 
10    20.6    27.6   13:13    16.1   23:57     00.0     02.3    03.8   03.9     22.2    13:48      SW
11    18.9    25.5   12:22    14.8   05:57     00.0     00.6    00.0   04.9     24.1    13:21      SW
12    17.5    24.6   12:48    14.0   00:00     00.8     00.0    00.0   05.6     27.8    13:32     WSW
13    15.7    20.0   14:14    13.3   03:59     02.6     00.0    00.0   04.1     16.6    16:38      SW
14    15.2    18.9   15:39    13.3   06:02     03.1     00.0    00.0   04.0     20.4    10:14      SW
15    14.7    18.4   10:54    12.0   03:48     03.6     00.0    00.0   04.7     24.1    12:47     SSE
16    15.0    18.4   19:16    13.1   11:11     03.3     00.0    00.0   01.9     07.4    23:56      E 
17    15.9    21.3   14:41    11.7   06:45     02.4     00.0    00.0   04.0     29.6    13:22      SW
18    14.5    19.8   11:53    10.0   05:22     03.8     00.0    00.0   04.3     22.2    12:49      S 
19    13.1    17.8   13:33    08.6   05:00     05.2     00.0    00.0   03.4     14.8    17:13      S 
20    14.3    18.5   15:44    09.9   06:18     04.0     00.0    00.0   04.2     16.6    14:21     ENE
21    15.6    20.2   15:14    11.4   04:34     02.7     00.0    00.0   07.4     27.8    09:17     NNE
22    14.7    15.9   13:40    14.2   18:50     03.6     00.0    00.3   05.4     25.9    06:37      N 
23    15.6    19.0   15:27    12.7   05:32     02.7     00.0    04.4   04.6     22.2    14:05     SSW
24    16.3    20.5   13:59    13.2   04:24     02.0     00.0    04.7   05.8     25.9    13:54     NNE
25    18.0    21.8   16:47    14.2   05:51     00.3     00.0    00.0   02.9     16.6    12:33     WNW
26    18.2    24.7   12:22    14.9   00:00     00.1     00.0    01.9   03.8     16.6    17:23      W 
27    17.8    22.7   11:36    12.9   04:18     00.5     00.0    00.0   04.2     22.2    15:22     SSW
28    16.0    21.2   13:50    11.4   17:32     02.3     00.0    22.8   04.8     35.1    17:21     SSE
29    14.8    18.9   13:14    11.4   02:13     03.5     00.0    01.3   04.2     20.4    16:37     ENE
30    15.8    21.8   14:17    10.5   05:05     02.5     00.0    00.0   03.8     24.1    14:19      SW
----------------------------------------------------------------------------------------------------------------------------------------------------------
16.7 (17.3)   31.2  day 08     08.6  day 19   058.0    009.5   039.2   04.2     35.2   day 28      SW
Max >=  30: 1
Max <=   25: 26
Min <=   20: 31
Min <= 15: 29
Max Rain: 22.8 ON 28-04-11
Days of Rain: 7 (> .2mm) 4 (> 2mm) 1 (> 20mm)