MONTHLY CLIMATOLOGICAL SUMMARY for AUG. 2010

NAME:    CITY:  STATE: 
ELEV:  LAT:  LONG: 

                            TEMPERATURE ( C), RAIN (mm), WIND SPEED (kmh)

                                                 HEAT     COOL           AVG
      MEAN                                       DEG      DEG            WIND                        DOM
DAY   TEMP    HIGH   TIME      LOW     TIME      DAYS     DAYS   RAIN    SPEED    HIGH    TIME       DIR
----------------------------------------------------------------------------------------------------------------------------------------------------------
01    25.9    31.2   13:19    21.9   05:31     00.0     07.6    00.0   04.5     22.2    15:11      SW
02    24.0    29.9   12:02    18.5   21:23     00.0     05.7    02.8   05.2     50.0    19:58      S 
03    23.1    28.8   13:20    18.6   00:49     00.0     04.8    00.0   04.1     24.1    13:51      SW
04    23.4    26.5   17:43    19.5   04:53     00.0     05.1    00.0   04.7     22.2    14:07      S 
05    23.0    26.3   14:30    20.5   03:46     00.0     04.7    00.0   05.4     25.9    12:55      S 
06    22.8    27.2   14:12    18.0   05:55     00.0     04.5    02.8   04.3     27.8    13:48      SW
07    24.9    31.4   15:19    19.4   04:39     00.0     06.6    00.0   04.5     22.2    13:01      SW
08    26.0    31.8   13:45    20.9   06:25     00.0     07.7    00.0   04.5     18.5    13:52      SW
09    26.3    33.1   11:45    22.5   00:00     00.0     08.0    00.0   04.4     31.4    13:03     SSW
10    24.4    28.5   13:28    20.8   05:01     00.0     06.1    00.0   04.1     24.1    13:46      S 
11    24.8    28.4   13:47    21.5   06:18     00.0     06.5    00.0   03.8     24.1    12:28      S 
12    23.3    29.8   13:12    18.6   19:28     00.0     05.0    00.0   04.0     29.6    18:04     SSW
13    21.6    25.7   14:12    17.8   03:33     00.0     03.3    00.0   03.6     16.6    13:14      SW
14    21.1    26.0   13:28    17.2   06:38     00.0     02.8    00.0   04.3     22.2    15:52      SW
15    21.4    27.0   13:09    18.2   06:34     00.0     03.1    00.0   04.9     31.4    14:09     SSE
16    21.5    25.1   12:32    17.1   05:53     00.0     03.2    00.0   04.6     20.4    15:13      SW
17    23.8    29.4   13:50    19.6   06:02     00.0     05.5    00.0   04.7     24.1    16:46      SW
18    25.4    30.5   15:13    21.1   06:06     00.0     07.1    00.0   04.4     22.2    14:06      SW
19    22.8    28.3   13:26    20.2   00:00     00.0     04.5    23.5   02.8     25.9    15:53     NNE
20    24.3    29.7   13:34    19.4   04:43     00.0     06.0    00.0   02.7     22.2    15:10     SSW
21    28.0    35.1   13:07    21.4   05:12     00.0     09.7    00.0   03.4     22.2    14:18      SW
22    28.8    36.6   12:49    23.7   06:38     00.0     10.5    00.0   04.4     24.1    14:01      SW
23    27.1    33.1   14:55    22.7   06:00     00.0     08.8    00.0   04.1     16.6    17:50      SW
24    25.9    30.3   11:24    23.0   05:09     00.0     07.6    00.0   04.6     24.1    15:35      S 
25    26.9    32.7   15:50    21.3   05:49     00.0     08.6    00.0   03.8     24.1    12:56      SW
26    28.1    34.6   14:15    22.4   05:07     00.0     09.8    00.0   05.6     24.1    14:28      SW
27    28.9    38.0   15:30    23.2   06:23     00.0     10.6    00.0   05.6     27.8    13:24      SW
28    24.8    29.4   11:46    22.0   07:11     00.0     06.5    00.0   05.3     24.1    13:45     SSW
29    23.6    28.3   13:57    19.7   06:29     00.0     05.3    00.0   04.4     24.1    14:39      SW
30    22.5    25.4   12:51    20.1   03:16     00.0     04.2    00.0   04.8     24.1    12:33     SSW
31    22.3    26.6   14:34    17.7   06:13     00.0     04.0    00.0   03.7     03.7    23:54      SW
----------------------------------------------------------------------------------------------------------------------------------------------------------
24.5 (25.1)   38.0  day 27     17.1  day 16   000.0    193.6   045.4   10.3     50.0   day 02      SW
Max >=  30: 12
Min <=   20: 14
Max Rain: 23.5 ON 19-08-10
Days of Rain: 3 (> .2mm) 3 (> 2mm) 1 (> 20mm)