MONTHLY CLIMATOLOGICAL SUMMARY for SEP. 2009

NAME:    CITY:  STATE: 
ELEV:  LAT:  LONG: 

                            TEMPERATURE ( C), RAIN (mm), WIND SPEED (kmh)

                                                 HEAT     COOL           AVG
      MEAN                                       DEG      DEG            WIND                        DOM
DAY   TEMP    HIGH   TIME      LOW     TIME      DAYS     DAYS   RAIN    SPEED    HIGH    TIME       DIR
----------------------------------------------------------------------------------------------------------------------------------------------------------
01    25.7    30.9   16:20    22.2   06:23     00.0     07.4    00.0   02.7     22.2    16:19      SW
02    25.0    29.0   15:47    22.0   05:37     00.0     06.7    01.6   03.4     20.4    15:50     SSW
03    24.3    28.7   14:45    21.0   07:55     00.0     06.0    00.0   03.8     24.1    14:51     SSW
04    24.2    29.3   13:32    21.7   00:00     00.0     05.9    00.0   03.5     22.2    14:50      S 
05    21.7    25.2   16:23    19.2   09:21     00.0     03.4    00.0   04.1     24.1    17:02     SSW
06    21.5    25.7   14:39    16.9   08:01     00.0     03.2    00.0   03.5     25.9    15:12      S 
07    21.9    27.3   15:33    17.3   08:51     00.0     03.6    00.0   03.2     22.2    14:35      S 
08    21.8    26.7   15:59    17.2   08:11     00.0     03.5    00.0   03.4     20.4    15:55     SSE
09    22.1    28.1   14:45    16.9   08:04     00.0     03.8    00.0   03.3     22.2    15:26      S 
10    22.9    27.5   14:21    17.1   08:34     00.0     04.6    00.0   03.1     24.1    14:41     SSW
11    23.0    26.7   15:57    19.5   07:10     00.0     04.7    00.0   03.0     24.1    16:45     SSW
12    22.1    26.9   13:40    18.0   08:29     00.0     03.8    00.0   03.7     25.9    16:02     SSE
13    21.8    25.7   13:52    19.4   06:51     00.0     03.5    00.9   02.7     16.7    14:15     SSW
14    20.0    23.4   15:14    16.9   00:00     00.0     01.7    37.1   04.0     46.3    17:01      N 
15    16.3    17.5   17:07    15.2   00:00     02.0     00.0    02.8   02.8     11.1    07:02     NNE
16    18.1    24.0   15:35    13.1   08:45     00.2     00.0    00.0   02.8     20.4    17:01     SSW
17    19.2    24.1   14:16    15.1   08:15     00.0     00.9    00.3   03.5     18.5    23:44     NNE
18    19.0    23.9   15:29    16.1   00:00     00.0     00.7    09.5   04.5     20.4    18:35      SW
19    18.3    23.9   17:07    15.5   08:31     00.0     00.0    00.0   03.4     14.8    17:36     SSW
20    18.3    25.0   16:09    14.6   08:06     00.0     00.0    12.5   03.1     24.1    16:29      NE
21    19.6    26.0   15:48    14.7   07:24     00.0     01.3    00.3   02.6     13.0    17:23      SW
22    21.9    26.5   17:28    17.8   06:29     00.0     03.6    00.0   03.9     27.8    17:13      N 
23    22.2    26.9   15:28    18.9   05:13     00.0     03.9    00.0   04.3     25.9    13:54     NNE
25    20.5    26.4   15:04    15.9   08:48     00.0     02.2    00.0   02.4     20.4    16:34     SSE
26    20.9    26.1   13:47    17.6   09:19     00.0     02.6    00.0   03.0     20.4    15:42     SSE
27    20.5    25.3   16:16    16.1   08:24     00.0     02.2    00.0   03.5     20.4    13:28     NNE
28    20.6    25.8   17:13    16.8   07:14     00.0     02.3    00.0   03.2     22.2    15:16      N 
29    18.4    20.1   00:16    17.3   04:41     00.0     00.1    00.0   01.8     07.4    02:07     NNE
30    21.4    24.5   15:11    17.0   09:49     00.0     03.1    00.3   02.6     16.7    16:33     SSW
----------------------------------------------------------------------------------------------------------------------------------------------------------
21.1 (21.6)   30.9  day 01     13.1  day 16   002.3    087.5   065.3   03.3     46.3   day 14      S 
Max >=  30: 1
Max <=   25: 9
Min <=   20: 26
Min <= 15: 3
Max Rain: 37.1 ON 14-09-09
Days of Rain: 9 (> .2mm) 4 (> 2mm) 1 (> 20mm)