MONTHLY CLIMATOLOGICAL SUMMARY for NOV. 2009

NAME:    CITY:  STATE: 
ELEV:  LAT:  LONG: 

                            TEMPERATURE ( C), RAIN (mm), WIND SPEED (kmh)

                                                 HEAT     COOL           AVG
      MEAN                                       DEG      DEG            WIND                        DOM
DAY   TEMP    HIGH   TIME      LOW     TIME      DAYS     DAYS   RAIN    SPEED    HIGH    TIME       DIR
----------------------------------------------------------------------------------------------------------------------------------------------------------
01    17.2    22.1   14:39    12.7   08:07     01.1     00.0    00.0   02.7     16.6    12:03     SSW
02    17.6    19.5   11:36    13.5   00:00     00.7     00.0    00.0   04.2     18.5    13:06      SW
03    16.5    22.5   15:01    12.5   08:18     01.8     00.0    00.0   04.6     22.2    09:58      SW
04    16.2    21.4   15:08    12.6   00:00     02.1     00.0    00.0   04.1     24.1    15:39      SW
05    12.9    16.6   15:14    10.0   00:00     05.4     00.0    00.0   04.5     27.8    15:37     WSW
06    11.3    17.3   14:44    07.8   07:19     07.0     00.0    00.0   03.3     20.4    15:52     SSW
07    12.6    18.4   15:02    09.3   06:37     05.7     00.0    00.0   04.0     22.2    15:16     WSW
08    10.8    14.9   14:27    08.4   04:49     07.5     00.0    00.0   06.8     22.2    16:00     WSW
09    10.9    10.9   00:00    10.9   00:00     07.4     00.0    00.0   01.9     03.7    23:00      NE
10    10.3    15.2   14:55    05.6   06:27     08.0     00.0    00.0   02.4     14.8    14:46     WNW
11    11.8    17.9   15:12    06.7   03:36     06.5     00.0    00.0   02.0     14.8    15:31     WSW
12    14.2    18.8   13:27    10.0   08:09     04.1     00.0    00.0   02.3     12.9    14:01      SW
13    14.7    20.2   15:06    10.4   04:00     03.6     00.0    00.0   01.4     09.3    16:00     SSW
14    15.2    20.4   15:34    11.5   08:17     03.1     00.0    00.0   01.3     09.3    16:08      SW
15    16.7    22.9   13:01    12.1   06:35     01.6     00.0    00.0   01.8     14.8    13:56     SSW
16    19.1    25.0   14:30    14.9   06:13     00.0     00.8    00.0   03.9     18.5    13:14      SW
17    16.3    20.9   12:43    12.8   07:33     02.0     00.0    00.0   01.2     11.1    21:49     ENE
18    15.0    20.4   13:50    11.9   07:41     03.3     00.0    00.0   01.5     12.9    15:09      SW
19    14.4    17.3   13:01    11.9   07:54     03.9     00.0    00.0   02.5     18.5    21:55     NNE
20    14.3    19.1   14:22    10.9   06:46     04.0     00.0    00.0   01.7     12.9    14:22      NE
21    13.7    18.2   14:55    09.1   07:01     04.6     00.0    00.0   02.3     14.8    12:33      SW
22    15.7    19.1   14:48    11.6   00:00     02.6     00.0    00.0   03.3     18.5    14:51      SW
23    13.4    18.4   14:27    10.1   00:00     04.9     00.0    00.0   02.5     12.9    02:36     WSW
24    12.6    18.8   13:59    08.0   06:10     05.7     00.0    00.0   02.8     14.8    14:13      SW
25    14.0    19.3   14:36    10.2   06:15     04.3     00.0    00.0   04.4     14.8    11:50      SW
26    14.3    19.3   14:52    10.0   07:55     04.0     00.0    00.9   02.4     14.8    13:42     SSW
27    12.8    14.9   14:35    10.0   00:00     05.5     00.0    00.4   01.9     11.1    09:49      NW
28    11.4    16.0   14:36    07.6   06:13     06.9     00.0    00.0   03.2     20.4    12:44      SW
29    11.2    14.3   12:35    09.2   22:32     07.1     00.0    06.9   03.0     16.6    23:38      SW
30    08.9    12.3   14:29    06.8   06:58     09.4     00.0    00.0   05.3     29.6    13:50     WSW
----------------------------------------------------------------------------------------------------------------------------------------------------------
13.8 (14.4)   25.0  day 16     05.6  day 10   140.6    000.8   008.2   03.0     29.6   day 30      SW
Max <=   25: 31
Min <=   20: 31
Min <= 15: 31
Max Rain: 6.9 ON 29-11-09
Days of Rain: 3 (> .2mm) 1 (> 2mm) 0 (> 20mm)