MONTHLY CLIMATOLOGICAL SUMMARY for MAR. 2009

NAME:    CITY:  STATE: 
ELEV:  LAT:  LONG: 

                            TEMPERATURE ( C), RAIN (mm), WIND SPEED (kmh)

                                                 HEAT     COOL           AVG
      MEAN                                       DEG      DEG            WIND                        DOM
DAY   TEMP    HIGH   TIME      LOW     TIME      DAYS     DAYS   RAIN    SPEED    HIGH    TIME       DIR
----------------------------------------------------------------------------------------------------------------------------------------------------------
01    11.1    13.7   15:10    09.9   08:00     07.2     00.0    00.6   02.3     11.1    16:17     NNE
02    10.4    13.8   14:27    07.5   07:42     07.9     00.0    05.0   02.1     11.1    22:22     NNE
03    10.4    12.7   13:55    08.7   07:03     07.9     00.0    02.0   02.3     11.1    16:09     WSW
04    09.3    12.2   12:43    06.5   00:00     09.0     00.0    01.2   04.5     22.2    13:48      SW
05    07.6    12.9   16:22    04.4   06:08     10.7     00.0    00.0   07.7     29.6    11:55     WSW
06    10.2    16.3   17:19    05.7   01:49     08.1     00.0    00.0   05.5     22.2    14:33     WNW
07    10.0    15.7   15:37    03.6   07:13     08.3     00.0    00.0   02.6     16.7    15:20      SW
08    12.5    18.1   17:26    08.0   08:12     05.8     00.0    00.0   02.9     18.5    16:34     SSW
09    11.6    15.7   13:28    08.9   07:00     06.7     00.0    00.0   03.5     20.4    15:27      S 
10    13.8    18.7   16:12    10.1   08:37     04.5     00.0    00.0   04.3     20.4    16:58      SW
11    12.0    15.7   15:10    09.0   05:33     06.3     00.0    00.0   02.6     20.4    15:13      N 
12    11.9    17.5   13:28    06.8   08:20     06.4     00.0    00.0   02.6     09.3    23:56      N 
13    15.6    24.9   15:29    08.7   05:52     02.7     00.0    00.0   03.6     14.8    17:09      SW
14    15.8    21.9   13:23    10.4   06:45     02.5     00.0    00.0   02.1     20.4    13:26      S 
15    15.5    21.6   15:06    10.5   07:36     02.8     00.0    00.0   03.4     24.1    15:12      SW
16    14.0    19.8   16:14    08.0   06:27     04.3     00.0    00.0   03.5     27.8    11:49     NNW
17    12.8    18.6   14:38    08.3   07:48     05.5     00.0    00.0   02.8     22.2    15:36     SSW
18    14.1    21.6   15:31    08.2   06:07     04.2     00.0    00.0   02.8     16.7    16:54      SW
19    14.6    22.4   15:15    08.5   07:16     03.7     00.0    00.0   02.8     16.7    16:21      SW
20    12.8    18.1   12:00    09.4   07:47     05.5     00.0    00.0   03.8     24.1    13:15      SW
21    10.7    15.0   15:18    06.4   07:49     07.6     00.0    00.0   04.2     18.5    15:02      SW
22    11.8    18.7   16:22    05.5   06:58     06.5     00.0    00.0   04.1     18.5    16:55     WSW
23    15.2    23.4   16:23    08.7   05:53     03.1     00.0    00.0   03.8     16.7    17:03      SW
24    13.4    19.5   12:46    09.3   06:05     04.9     00.0    00.0   03.5     33.3    15:53      SW
25    12.8    19.1   16:29    07.3   07:25     05.5     00.0    00.0   05.0     20.4    18:14      SW
26    12.5    17.2   16:45    08.4   07:11     05.8     00.0    00.0   03.5     20.4    13:15      S 
27    13.6    20.2   13:49    07.7   07:32     04.7     00.0    00.0   03.4     20.4    14:27     SSW
28    10.9    12.5   13:15    09.0   23:30     07.4     00.0    14.8   02.9     22.2    13:24     NNE
29    11.4    16.4   18:24    08.5   07:14     06.9     00.0    06.9   03.1     14.8    15:02      SW
30    11.4    15.3   15:35    09.1   23:46     06.9     00.0    03.5   02.7     18.5    17:36      SW
31    09.8    12.5   13:57    08.9   22:05     08.5     00.0    19.2   03.3     13.0    23:33      W 
----------------------------------------------------------------------------------------------------------------------------------------------------------
12.2 (12.8)   24.9  day 13     03.6  day 07   187.7    000.0   053.5   03.5     33.3   day 16      SW
Max >=  15: 24
Min <=   5: 2
Max Rain: 19.2 ON 31-03-09
Days of Rain: 8 (> .2mm) 5 (> 2mm) 0 (> 20mm)