MONTHLY CLIMATOLOGICAL SUMMARY for JUN. 2009

NAME:    CITY:  STATE: 
ELEV:  LAT:  LONG: 

                            TEMPERATURE ( C), RAIN (mm), WIND SPEED (kmh)

                                                 HEAT     COOL           AVG
      MEAN                                       DEG      DEG            WIND                        DOM
DAY   TEMP    HIGH   TIME      LOW     TIME      DAYS     DAYS   RAIN    SPEED    HIGH    TIME       DIR
----------------------------------------------------------------------------------------------------------------------------------------------------------
01    21.1    27.9   16:55    15.2   06:47     00.0     02.8    00.0   03.9     24.1    17:27     SSW
02    22.7    28.8   16:14    17.0   07:54     00.0     04.4    00.0   03.7     24.1    19:38      SW
03    23.6    30.1   16:22    17.5   06:46     00.0     05.3    00.0   04.5     20.4    17:13      SW
04    22.4    27.1   13:28    17.4   06:13     00.0     04.1    00.0   03.1     18.5    16:28     SSW
05    20.6    23.4   11:20    17.6   06:49     00.0     02.3    02.2   03.1     22.2    11:39     WSW
06    20.2    25.8   17:21    15.0   06:19     00.0     01.9    00.0   05.4     24.1    14:57      SW
07    19.5    24.2   12:19    16.3   07:23     00.0     01.2    00.0   03.7     24.1    13:16     SSW
08    20.2    26.0   15:36    16.1   07:19     00.0     01.9    00.0   03.4     20.4    14:45      SW
09    21.8    26.6   18:37    17.3   07:15     00.0     03.5    00.0   05.3     22.2    17:19      SW
10    22.9    29.3   17:30    16.8   06:16     00.0     04.6    00.0   04.1     18.5    19:11      SW
11    22.8    26.1   17:06    18.8   08:13     00.0     04.5    00.0   03.9     24.1    16:25     SSW
12    23.5    29.9   14:42    18.7   06:36     00.0     05.2    00.0   03.6     24.1    15:48     SSW
13    26.1    34.7   16:50    19.4   06:47     00.0     07.8    00.0   03.5     22.2    15:47      SW
14    26.5    31.8   12:10    21.6   06:56     00.0     08.2    00.0   03.6     18.5    14:08     SSW
15    25.4    30.5   15:51    21.6   07:37     00.0     07.1    00.0   03.8     16.7    23:40     ESE
16    25.5    31.3   16:19    21.6   06:18     00.0     07.2    00.0   03.6     22.2    13:41     SSW
17    25.8    29.9   14:20    21.6   06:56     00.0     07.5    00.0   04.1     24.1    16:20      S 
18    25.8    30.3   19:01    21.0   06:54     00.0     07.5    00.0   04.1     20.4    16:55      S 
19    25.7    30.9   14:30    21.9   06:15     00.0     07.4    00.0   02.9     20.4    18:23      S 
20    23.3    27.9   15:04    20.4   09:07     00.0     05.0    00.0   04.9     22.2    19:41     SSW
21    22.0    26.5   15:04    18.0   07:21     00.0     03.7    00.0   04.1     24.1    15:46     SSW
22    21.7    26.8   15:12    16.8   06:58     00.0     03.4    00.0   04.1     24.1    13:35     SSW
23    22.2    28.0   15:42    18.0   07:07     00.0     03.9    00.0   04.0     24.1    18:19      SW
24    23.2    28.8   14:27    18.3   05:39     00.0     04.9    00.0   03.3     20.4    16:06      SW
25    23.3    27.5   14:00    19.9   06:59     00.0     05.0    01.3   03.8     27.8    20:37      SW
26    23.9    28.7   12:47    19.4   07:20     00.0     05.6    00.0   03.7     24.1    14:23     SSW
27    24.3    29.8   14:49    19.2   04:55     00.0     06.0    00.0   04.4     24.1    15:37     SSW
28    24.8    30.6   13:39    19.9   06:24     00.0     06.5    00.0   03.9     22.2    15:10     SSW
29    26.6    32.0   16:14    20.8   05:53     00.0     08.3    00.0   02.8     22.2    16:28     SSW
30    27.2    33.0   13:30    22.7   07:52     00.0     08.9    00.0   03.7     24.1    15:05     SSW
----------------------------------------------------------------------------------------------------------------------------------------------------------
23.5 (23.8)   34.7  day 13     15.0  day 06   000.0    155.5   003.5   03.9     27.8   day 30     SSW
Max >=  30: 10
Max <=   25: 2
Min <=   20: 21
Min <= 15: 1
Max Rain: 2.2 ON 5-06-09
Days of Rain: 2 (> .2mm) 1 (> 2mm) 0 (> 20mm)