MONTHLY CLIMATOLOGICAL SUMMARY for JUL. 2009

NAME:    CITY:  STATE: 
ELEV:  LAT:  LONG: 

                            TEMPERATURE ( C), RAIN (mm), WIND SPEED (kmh)

                                                 HEAT     COOL           AVG
      MEAN                                       DEG      DEG            WIND                        DOM
DAY   TEMP    HIGH   TIME      LOW     TIME      DAYS     DAYS   RAIN    SPEED    HIGH    TIME       DIR
----------------------------------------------------------------------------------------------------------------------------------------------------------
01    27.7    32.6   12:30    22.7   07:44     00.0     09.4    00.0   03.5     22.2    13:25     SSW
02    27.0    33.6   13:00    22.2   06:45     00.0     08.7    00.0   03.5     20.4    15:37     SSW
03    26.6    32.3   17:33    21.4   06:42     00.0     08.3    00.0   03.7     27.8    14:35     SSW
04    27.1    31.7   16:47    21.8   05:25     00.0     08.8    00.0   03.7     25.9    14:48     SSW
05    26.0    31.2   17:05    21.6   07:23     00.0     07.7    00.0   04.2     29.6    15:09     SSE
06    25.1    30.4   14:43    20.9   06:38     00.0     06.8    00.0   03.4     20.4    18:32     SSW
07    22.8    25.4   13:35    20.5   06:41     00.0     04.5    00.2   04.1     20.4    13:53     SSE
08    21.4    22.8   15:06    19.8   00:00     00.0     03.1    00.0   03.2     14.8    12:55     WSW
09    19.6    21.4   10:57    18.6   14:46     00.0     01.3    12.7   02.1     13.0    11:15     WNW
10    21.2    24.6   17:50    19.3   07:01     00.0     02.9    00.0   03.2     18.5    16:57      S 
11    21.7    24.1   18:55    19.2   06:59     00.0     03.4    00.0   02.3     18.5    15:40     WSW
12    25.8    31.5   14:21    21.3   06:57     00.0     07.5    00.0   04.0     16.7    17:32      SW
13    26.0    32.0   15:58    20.5   06:48     00.0     07.7    00.0   03.5     22.2    16:44      S 
14    25.4    30.8   15:40    21.2   06:29     00.0     07.1    00.0   05.2     22.2    15:36      N 
15    25.4    29.2   14:09    21.2   07:37     00.0     07.1    00.0   03.9     24.1    15:14     SSW
16    25.3    30.9   17:01    21.4   07:40     00.0     07.0    00.0   03.3     18.5    17:19     SSW
17    24.9    29.8   18:22    21.2   00:00     00.0     06.6    00.0   05.4     31.5    20:04     SSW
18    21.9    27.3   15:00    16.0   06:22     00.0     03.6    00.0   04.5     27.8    15:19     SSW
25    18.1    22.6   22:13    14.0   21:43     00.2     00.0    00.0   03.6     07.4    21:11     SSW
26    26.0    31.8   15:58    20.5   08:00     00.0     07.7    00.0   04.2     22.2    16:28      SW
27    25.7    31.2   13:57    20.8   06:41     00.0     07.4    00.0   03.7     24.1    15:25     SSW
28    25.2    30.6   15:00    21.3   08:09     00.0     06.9    00.0   03.7     24.1    17:00     SSW
29    26.5    33.3   17:00    20.4   06:42     00.0     08.2    00.0   03.2     22.2    13:50     SSW
30    27.2    33.1   18:19    23.9   03:25     00.0     08.9    00.0   04.3     29.6    14:01     SSW
31    26.3    32.4   15:47    21.6   07:35     00.0     08.0    00.0   04.5     20.4    17:02      SW
----------------------------------------------------------------------------------------------------------------------------------------------------------
24.6 (25.0)   33.6  day 02     14.0  day 11   000.2    158.4   015.4   03.8     31.5   day 18     SSW
Max >=  30: 16
Max <=   25: 5
Min <=   20: 6
Min <= 15: 1
Max Rain: 12.7 ON 9-07-09
Days of Rain: 2 (> .2mm) 1 (> 2mm) 0 (> 20mm)