MONTHLY CLIMATOLOGICAL SUMMARY for APR. 2009

NAME:    CITY:  STATE: 
ELEV:  LAT:  LONG: 

                            TEMPERATURE ( C), RAIN (mm), WIND SPEED (kmh)

                                                 HEAT     COOL           AVG
      MEAN                                       DEG      DEG            WIND                        DOM
DAY   TEMP    HIGH   TIME      LOW     TIME      DAYS     DAYS   RAIN    SPEED    HIGH    TIME       DIR
----------------------------------------------------------------------------------------------------------------------------------------------------------
01    11.9    17.6   16:16    08.5   08:52     06.4     00.0    07.9   03.2     13.0    18:26     WSW
02    10.8    12.1   00:09    09.0   10:24     07.5     00.0    06.3   02.4     13.0    10:19      W 
03    12.3    17.5   16:46    08.3   07:22     06.0     00.0    00.0   03.1     16.7    16:09      N 
04    13.3    20.0   15:20    07.2   07:31     05.0     00.0    00.0   02.7     14.8    16:38      SW
05    14.6    20.7   16:53    10.1   08:18     03.7     00.0    00.0   03.0     18.5    16:13      SW
06    14.6    20.4   16:22    09.6   07:12     03.7     00.0    00.0   02.9     14.8    18:18      SW
07    12.1    15.8   14:40    09.8   00:00     06.2     00.0    16.4   04.7     31.5    17:08     NNE
08    13.1    16.2   16:13    09.7   01:40     05.2     00.0    04.4   04.2     25.9    01:55     NNE
09    13.3    19.5   15:54    07.9   08:27     05.0     00.0    00.0   02.9     18.5    16:55     SSW
10    12.4    14.0   14:39    11.0   05:04     05.9     00.0    01.2   03.6     16.7    16:57     NNW
13    12.0    16.8   21:18    07.2   20:18     06.3     00.0    11.1   04.9     20.4    07:38     NNW
14    14.5    19.7   13:12    10.2   08:09     03.8     00.0    00.0   03.6     22.2    14:30     SSW
15    14.2    19.7   14:17    10.1   07:17     04.1     00.0    00.0   04.2     22.2    16:49      SW
16    13.7    17.9   17:33    09.8   07:20     04.6     00.0    00.0   03.8     20.4    18:59      SW
17    12.2    18.4   13:33    08.8   07:13     06.1     00.0    02.2   03.7     24.1    16:25     NNE
18    11.6    17.9   14:23    07.3   07:10     06.7     00.0    00.0   03.1     24.1    14:03      NE
19    13.2    18.8   13:36    08.0   07:39     05.1     00.0    00.0   02.7     22.2    14:55      SW
20    13.8    19.9   13:48    10.3   04:40     04.5     00.0    00.0   03.6     16.7    17:02     WNW
21    16.0    23.1   14:41    10.8   03:09     02.3     00.0    04.1   03.5     20.4    15:56      W 
22    19.3    24.8   14:17    14.7   06:33     00.0     01.0    00.0   03.9     24.1    17:07     SSW
23    20.4    28.7   17:26    13.1   06:38     00.0     02.1    00.0   04.0     18.5    17:42      SW
24    17.5    22.8   15:56    13.7   05:43     00.8     00.0    00.0   03.5     20.4    17:35     NNE
25    15.9    21.1   13:45    12.1   06:12     02.4     00.0    00.0   06.3     24.1    14:03      N 
26    14.3    18.0   17:03    10.9   11:27     04.0     00.0    08.2   05.1     29.6    10:42      N 
27    14.6    20.5   18:01    09.8   07:43     03.7     00.0    00.3   05.0     22.2    17:45     WSW
28    14.5    18.4   16:19    11.8   08:15     03.8     00.0    00.0   04.4     24.1    15:43      N 
29    14.3    20.0   14:15    09.8   07:16     04.0     00.0    00.0   04.0     27.8    14:30      S 
30    13.9    18.8   15:39    09.3   07:20     04.4     00.0    08.8   03.7     20.4    15:58      SE
----------------------------------------------------------------------------------------------------------------------------------------------------------
14.1 (14.6)   28.7  day 23     07.2  day 13   121.0    003.1   074.2   03.8     31.5   day 26      W 
Max >=  15: 26
Max Rain: 16.4 ON 7-04-09
Days of Rain: 11 (> .2mm) 9 (> 2mm) 0 (> 20mm)